{"id":167,"date":"2013-04-21T18:42:00","date_gmt":"2013-04-21T18:42:00","guid":{"rendered":"http:\/\/ciberespiral.org\/infantilytic\/?page_id=7"},"modified":"2013-04-21T18:42:00","modified_gmt":"2013-04-21T18:42:00","slug":"objetivos-del-proyecto","status":"publish","type":"page","link":"https:\/\/blogs.ciberespiral.org\/infantilytic\/objetivos-del-proyecto\/","title":{"rendered":"\u00bfQu\u00e9 hacemos?"},"content":{"rendered":"<p>El \u00e1rea de trabajo Infantil y TIC pretende impulsar el uso de la tecnolog\u00edas en aulas de infantil como una herramienta pedag\u00f3gica que fomente cambios metodol\u00f3gicos en el aula. Para ello queremos encontrar f\u00f3rmulas que nos ayuden a llegar a profesores que a\u00fan no est\u00e1n usando las TIC en el aula, y la posibilidad de acompa\u00f1arles con asesor\u00eda y formaci\u00f3n en su progresiva integraci\u00f3n de las TIC en su curr\u00edculo y pr\u00e1ctica educativa y promover el desarrollo de una red de formaci\u00f3n activa y permanente para fortalecer nuestras capacidades y sinergias.<\/p>\n<p dir=\"ltr\" id=\"docs-internal-guid-560aee75-380b-395c-5f41-827ddb3bfb87\"><strong>Objetivos:<\/strong><\/p>\n<ul>\n<li><strong>Crear \u00a0materiales<\/strong> \u00a0para la formaci\u00f3n y acompa\u00f1amiento de profesores de educaci\u00f3n infantil que deseen integrar las TIC en su curr\u00edculo acad\u00e9mico.<\/li>\n<li>Elaborar un <strong>banco de contactos<\/strong> entre escuelas de Educaci\u00f3n Infantil que fomente el trabajo colaborativo y acompa\u00f1amiento en el proceso de uso de las TIC en las aulas.<\/li>\n<li><strong>Organizar eventos formativos<\/strong> destinados exclusivamente a profesores de educaci\u00f3n infantil: jornadas TIC, curso de formaci\u00f3n para la escuela virtual.<\/li>\n<li><strong>Ayudar a profesores<\/strong> de Infantil que no se atreven a utilizar las TIC en sus aula, para que lo hagan quit\u00e1ndose el miedo inicial a equivocarse y de no atreverse.<\/li>\n<\/ul>\n","protected":false},"excerpt":{"rendered":"<p>El \u00e1rea de trabajo Infantil y TIC pretende impulsar el uso de la tecnolog\u00edas en aulas de infantil como una herramienta pedag\u00f3gica que fomente cambios metodol\u00f3gicos en el aula. Para ello queremos encontrar f\u00f3rmulas que nos ayuden a llegar a &hellip; <a href=\"https:\/\/blogs.ciberespiral.org\/infantilytic\/objetivos-del-proyecto\/\">Sigue leyendo <span class=\"meta-nav\">&rarr;<\/span><\/a><\/p>\n","protected":false},"author":11,"featured_media":0,"parent":0,"menu_order":1,"comment_status":"closed","ping_status":"closed","template":"","meta":{"footnotes":""},"class_list":["post-167","page","type-page","status-publish","hentry"],"_links":{"self":[{"href":"https:\/\/blogs.ciberespiral.org\/infantilytic\/wp-json\/wp\/v2\/pages\/167","targetHints":{"allow":["GET"]}}],"collection":[{"href":"https:\/\/blogs.ciberespiral.org\/infantilytic\/wp-json\/wp\/v2\/pages"}],"about":[{"href":"https:\/\/blogs.ciberespiral.org\/infantilytic\/wp-json\/wp\/v2\/types\/page"}],"author":[{"embeddable":true,"href":"https:\/\/blogs.ciberespiral.org\/infantilytic\/wp-json\/wp\/v2\/users\/11"}],"replies":[{"embeddable":true,"href":"https:\/\/blogs.ciberespiral.org\/infantilytic\/wp-json\/wp\/v2\/comments?post=167"}],"version-history":[{"count":0,"href":"https:\/\/blogs.ciberespiral.org\/infantilytic\/wp-json\/wp\/v2\/pages\/167\/revisions"}],"wp:attachment":[{"href":"https:\/\/blogs.ciberespiral.org\/infantilytic\/wp-json\/wp\/v2\/media?parent=167"}],"curies":[{"name":"wp","href":"https:\/\/api.w.org\/{rel}","templated":true}]}}