{"id":612,"date":"2016-03-29T19:45:40","date_gmt":"2016-03-29T18:45:40","guid":{"rendered":"http:\/\/blogs.ciberespiral.org\/escuelas\/?page_id=612"},"modified":"2019-05-26T17:56:14","modified_gmt":"2019-05-26T16:56:14","slug":"cursos-4","status":"publish","type":"page","link":"https:\/\/blogs.ciberespiral.org\/escuelas\/cursos-4\/","title":{"rendered":"Cursos 2016"},"content":{"rendered":"<p>Con el soporte de:<br \/>\n<img decoding=\"async\" src=\"http:\/\/ciberespiral.org\/ehe11\/images\/gencat.gif\" alt=\"Generalitat\" width=\"200\" \/><\/p>\n<p style=\"text-align: justify;\">Todos los cursos de la Escuela virtual de Verano Espiral tienen el reconocimiento del Departament d&#8217;Ensenyament de la Generalitat de Catalunya , por lo que su certificaci\u00f3n tiene validez a todos los efectos administrativos.<\/p>\n<p style=\"text-align: justify;\">\n<p><iframe title=\"Presentaci\u00f3n Escuela Virtual de Verano 2016\" width=\"640\" height=\"360\" src=\"https:\/\/www.youtube.com\/embed\/fZnwLNtnrEU?feature=oembed\" frameborder=\"0\" allow=\"accelerometer; autoplay; clipboard-write; encrypted-media; gyroscope; picture-in-picture; web-share\" referrerpolicy=\"strict-origin-when-cross-origin\" allowfullscreen><\/iframe><\/p>\n<p style=\"text-align: justify;\">Los cursos virtuales de formaci\u00f3n que l Asociaci\u00f3n Espiral, Educaci\u00f3n y Tecnologia oferta en esta edici\u00f3n (<strong>del 1 de julio al 15 de julio de 2016<\/strong>) son los siguientes:<\/p>\n<table style=\"border: 10px solid white;\">\n<tbody>\n<tr>\n<th style=\"background-color: #bdbdbd;\" width=\"300\">Cursos en Castellano<\/th>\n<th style=\"background-color: #bdbdbd;\" width=\"150\">Docentes<\/th>\n<th style=\"background-color: #bdbdbd;\" width=\"35\">Horas<\/th>\n<\/tr>\n<tr style=\"background-color: #efefef;\">\n<td><a href=\"http:\/\/blogs.ciberespiral.org\/escuelas\/aprendizaje-basado-en-problemas-y-en-proyectos-2\">Aprendizaje Basado en Problemas y en Proyectos<\/a><\/td>\n<td>Jordi Guim<\/td>\n<td>30h.<\/td>\n<\/tr>\n<tr style=\"background-color: #f8f8f8;\">\n<td><a href=\"http:\/\/blogs.ciberespiral.org\/escuelas\/rodamos-en-el-aula-el-stop-motion\/\"><del>Rodamos en el aula: el stop-motion<\/del> Curso cancelado<\/a><\/td>\n<td>Jose Daniel Garc\u00eda<\/td>\n<td>30h.<\/td>\n<\/tr>\n<tr style=\"background-color: #efefef;\">\n<td><a href=\"http:\/\/blogs.ciberespiral.org\/escuelas\/aprendizaje-cooperativo-en-educacion-primaria\">Aprendizaje cooperativo en Educaci\u00f3n Primaria<\/a><\/td>\n<td>Juan Carlos Palomino<\/td>\n<td>30h.<\/td>\n<\/tr>\n<tr style=\"background-color: #f8f8f8;\">\n<td><a href=\"http:\/\/blogs.ciberespiral.org\/escuelas\/gamficando-voy-y-vengo-por-el-camino-aprendo\">Gamificando voy y vengo. Por el camino\u2026aprendo<\/a><\/td>\n<td>Clara Cordero<br \/>\nSalvador Carri\u00f3n<\/td>\n<td>30h.<\/td>\n<\/tr>\n<\/tbody>\n<\/table>\n<table style=\"border: 10px solid white;\">\n<tbody>\n<tr>\n<th style=\"background-color: #bdbdbd;\" width=\"300\">Cursos en Catal\u00e1n<\/th>\n<th style=\"background-color: #bdbdbd;\" width=\"150\">Docentes<\/th>\n<th style=\"background-color: #bdbdbd;\" width=\"35\">Horas<\/th>\n<\/tr>\n<tr style=\"background-color: #efefef;\">\n<td><a href=\"http:\/\/blogs.ciberespiral.org\/escuelas\/com-treballar-amb-dispositius-mobils-a-laula-2\">Com treballar amb dispositius m\u00f2bils a l&#8217;aula.<\/a><\/td>\n<td>Xavier Su\u00f1\u00e9<br \/>\nDelia G\u00e1mez<\/td>\n<td>30h.<\/td>\n<\/tr>\n<tr style=\"background-color: #f8f8f8;\">\n<td><a href=\"http:\/\/blogs.ciberespiral.org\/escuelas\/eines-tac-per-a-la-inclusio-del-tot-lalumnat-2\/\">Eines TAC per la inclusi\u00f3 de tot l&#8217;alumnat<\/a><\/td>\n<td>Maria Maci\u00e0<\/td>\n<td>30h.<\/td>\n<\/tr>\n<tr style=\"background-color: #efefef;\">\n<td><a href=\"http:\/\/blogs.ciberespiral.org\/escuelas\/flipped-classroom-capgira-la-classe-2\/\">Flipped Classroom, capgira la classe!<\/a><\/td>\n<td>Xavier Su\u00f1\u00e9<br \/>\nJoan Padr\u00f3s<\/td>\n<td>30h.<\/td>\n<\/tr>\n<tr style=\"background-color: #f8f8f8;\">\n<td><del><a href=\"http:\/\/blogs.ciberespiral.org\/escuelas\/multimedia-basica-2\/\">Multim\u00e8dia b\u00e0sica<\/a><\/del><a href=\"http:\/\/blogs.ciberespiral.org\/escuelas\/multimedia-basica-2\/\"> Curso cancelado<\/a><\/td>\n<td>Joan Padr\u00f3s<\/td>\n<td>30h.<\/td>\n<\/tr>\n<tr style=\"background-color: #efefef;\">\n<td><a href=\"http:\/\/blogs.ciberespiral.org\/escuelas\/scratch-2-0-pensament-creatiu-a-laula-2\/\">Scratch 2.0! Pensament creatiu a l&#8217;aula<\/a><\/td>\n<td>Frank Sabat\u00e9<\/td>\n<td>30h.<\/td>\n<\/tr>\n<tr style=\"background-color: #f8f8f8;\">\n<td><a href=\"http:\/\/blogs.ciberespiral.org\/escuelas\/ca\/apps-google-aplicades-a-leducacio\/\"><del>Apps Google aplicades a l&#8217;educaci\u00f3<\/del> Curso cancelado<\/a><\/td>\n<td>Sara Su\u00f1\u00e9<\/td>\n<td>30h.<\/td>\n<\/tr>\n<tr style=\"background-color: #efefef;\">\n<td><a href=\"http:\/\/blogs.ciberespiral.org\/escuelas\/aprenem-a-programar-android-amb-appinventor\/\">Aprenem a programar android amb Appinventor!<br \/>\n<\/a><\/td>\n<td>Josep Ramon Planas<\/td>\n<td>30h.<\/td>\n<\/tr>\n<\/tbody>\n<\/table>\n<table style=\"border: 10px solid white;\">\n<tbody>\n<tr>\n<th style=\"background-color: #bdbdbd;\" width=\"300\">Cursos en Ingl\u00e9s<\/th>\n<th style=\"background-color: #bdbdbd;\" width=\"150\">Docentes<\/th>\n<th style=\"background-color: #bdbdbd;\" width=\"35\">Horas<\/th>\n<\/tr>\n<tr style=\"background-color: #efefef;\">\n<td><a href=\"http:\/\/blogs.ciberespiral.org\/escuelas\/lets-clil-aicle-2\/\"><del>Let&#8217;s CLIL (AICLE)<\/del> <span style=\"color: #ff6600;\">Plazas agotadas<\/span><\/a><\/td>\n<td>Almodis Orellana<br \/>\nMarta Cabeza<\/td>\n<td>30h.<\/td>\n<\/tr>\n<\/tbody>\n<\/table>\n","protected":false},"excerpt":{"rendered":"<p>Con el soporte de: Todos los cursos de la Escuela virtual de Verano Espiral tienen el reconocimiento del Departament d&#8217;Ensenyament de la Generalitat de Catalunya , por lo que su certificaci\u00f3n tiene validez a todos los efectos administrativos. Los cursos virtuales de formaci\u00f3n que l Asociaci\u00f3n Espiral, Educaci\u00f3n y Tecnologia&hellip;<\/p>\n","protected":false},"author":1,"featured_media":0,"parent":0,"menu_order":0,"comment_status":"closed","ping_status":"closed","template":"","meta":{"footnotes":""},"class_list":["post-612","page","type-page","status-publish","hentry"],"_links":{"self":[{"href":"https:\/\/blogs.ciberespiral.org\/escuelas\/wp-json\/wp\/v2\/pages\/612","targetHints":{"allow":["GET"]}}],"collection":[{"href":"https:\/\/blogs.ciberespiral.org\/escuelas\/wp-json\/wp\/v2\/pages"}],"about":[{"href":"https:\/\/blogs.ciberespiral.org\/escuelas\/wp-json\/wp\/v2\/types\/page"}],"author":[{"embeddable":true,"href":"https:\/\/blogs.ciberespiral.org\/escuelas\/wp-json\/wp\/v2\/users\/1"}],"replies":[{"embeddable":true,"href":"https:\/\/blogs.ciberespiral.org\/escuelas\/wp-json\/wp\/v2\/comments?post=612"}],"version-history":[{"count":38,"href":"https:\/\/blogs.ciberespiral.org\/escuelas\/wp-json\/wp\/v2\/pages\/612\/revisions"}],"predecessor-version":[{"id":2781,"href":"https:\/\/blogs.ciberespiral.org\/escuelas\/wp-json\/wp\/v2\/pages\/612\/revisions\/2781"}],"wp:attachment":[{"href":"https:\/\/blogs.ciberespiral.org\/escuelas\/wp-json\/wp\/v2\/media?parent=612"}],"curies":[{"name":"wp","href":"https:\/\/api.w.org\/{rel}","templated":true}]}}

<p>Con el soporte de:<br />
<img decoding="async" src="http://ciberespiral.org/ehe11/images/gencat.gif" alt="Generalitat" width="200" /></p>
<p style="text-align: justify;">Todos los cursos de la Escuela virtual de Verano Espiral tienen el reconocimiento del Departament d&#8217;Ensenyament de la Generalitat de Catalunya , por lo que su certificación tiene validez a todos los efectos administrativos.</p>
<p style="text-align: justify;">
<p><iframe title="Presentación Escuela Virtual de Verano 2016" width="640" height="360" src="https://www.youtube.com/embed/fZnwLNtnrEU?feature=oembed" frameborder="0" allow="accelerometer; autoplay; clipboard-write; encrypted-media; gyroscope; picture-in-picture; web-share" referrerpolicy="strict-origin-when-cross-origin" allowfullscreen></iframe></p>
<p style="text-align: justify;">Los cursos virtuales de formación que l Asociación Espiral, Educación y Tecnologia oferta en esta edición (<strong>del 1 de julio al 15 de julio de 2016</strong>) son los siguientes:</p>
<table style="border: 10px solid white;">
<tbody>
<tr>
<th style="background-color: #bdbdbd;" width="300">Cursos en Castellano</th>
<th style="background-color: #bdbdbd;" width="150">Docentes</th>
<th style="background-color: #bdbdbd;" width="35">Horas</th>
</tr>
<tr style="background-color: #efefef;">
<td><a href="http://blogs.ciberespiral.org/escuelas/aprendizaje-basado-en-problemas-y-en-proyectos-2">Aprendizaje Basado en Problemas y en Proyectos</a></td>
<td>Jordi Guim</td>
<td>30h.</td>
</tr>
<tr style="background-color: #f8f8f8;">
<td><a href="http://blogs.ciberespiral.org/escuelas/rodamos-en-el-aula-el-stop-motion/"><del>Rodamos en el aula: el stop-motion</del> Curso cancelado</a></td>
<td>Jose Daniel García</td>
<td>30h.</td>
</tr>
<tr style="background-color: #efefef;">
<td><a href="http://blogs.ciberespiral.org/escuelas/aprendizaje-cooperativo-en-educacion-primaria">Aprendizaje cooperativo en Educación Primaria</a></td>
<td>Juan Carlos Palomino</td>
<td>30h.</td>
</tr>
<tr style="background-color: #f8f8f8;">
<td><a href="http://blogs.ciberespiral.org/escuelas/gamficando-voy-y-vengo-por-el-camino-aprendo">Gamificando voy y vengo. Por el camino…aprendo</a></td>
<td>Clara Cordero<br />
Salvador Carrión</td>
<td>30h.</td>
</tr>
</tbody>
</table>
<table style="border: 10px solid white;">
<tbody>
<tr>
<th style="background-color: #bdbdbd;" width="300">Cursos en Catalán</th>
<th style="background-color: #bdbdbd;" width="150">Docentes</th>
<th style="background-color: #bdbdbd;" width="35">Horas</th>
</tr>
<tr style="background-color: #efefef;">
<td><a href="http://blogs.ciberespiral.org/escuelas/com-treballar-amb-dispositius-mobils-a-laula-2">Com treballar amb dispositius mòbils a l&#8217;aula.</a></td>
<td>Xavier Suñé<br />
Delia Gámez</td>
<td>30h.</td>
</tr>
<tr style="background-color: #f8f8f8;">
<td><a href="http://blogs.ciberespiral.org/escuelas/eines-tac-per-a-la-inclusio-del-tot-lalumnat-2/">Eines TAC per la inclusió de tot l&#8217;alumnat</a></td>
<td>Maria Macià</td>
<td>30h.</td>
</tr>
<tr style="background-color: #efefef;">
<td><a href="http://blogs.ciberespiral.org/escuelas/flipped-classroom-capgira-la-classe-2/">Flipped Classroom, capgira la classe!</a></td>
<td>Xavier Suñé<br />
Joan Padrós</td>
<td>30h.</td>
</tr>
<tr style="background-color: #f8f8f8;">
<td><del><a href="http://blogs.ciberespiral.org/escuelas/multimedia-basica-2/">Multimèdia bàsica</a></del><a href="http://blogs.ciberespiral.org/escuelas/multimedia-basica-2/"> Curso cancelado</a></td>
<td>Joan Padrós</td>
<td>30h.</td>
</tr>
<tr style="background-color: #efefef;">
<td><a href="http://blogs.ciberespiral.org/escuelas/scratch-2-0-pensament-creatiu-a-laula-2/">Scratch 2.0! Pensament creatiu a l&#8217;aula</a></td>
<td>Frank Sabaté</td>
<td>30h.</td>
</tr>
<tr style="background-color: #f8f8f8;">
<td><a href="http://blogs.ciberespiral.org/escuelas/ca/apps-google-aplicades-a-leducacio/"><del>Apps Google aplicades a l&#8217;educació</del> Curso cancelado</a></td>
<td>Sara Suñé</td>
<td>30h.</td>
</tr>
<tr style="background-color: #efefef;">
<td><a href="http://blogs.ciberespiral.org/escuelas/aprenem-a-programar-android-amb-appinventor/">Aprenem a programar android amb Appinventor!<br />
</a></td>
<td>Josep Ramon Planas</td>
<td>30h.</td>
</tr>
</tbody>
</table>
<table style="border: 10px solid white;">
<tbody>
<tr>
<th style="background-color: #bdbdbd;" width="300">Cursos en Inglés</th>
<th style="background-color: #bdbdbd;" width="150">Docentes</th>
<th style="background-color: #bdbdbd;" width="35">Horas</th>
</tr>
<tr style="background-color: #efefef;">
<td><a href="http://blogs.ciberespiral.org/escuelas/lets-clil-aicle-2/"><del>Let&#8217;s CLIL (AICLE)</del> <span style="color: #ff6600;">Plazas agotadas</span></a></td>
<td>Almodis Orellana<br />
Marta Cabeza</td>
<td>30h.</td>
</tr>
</tbody>
</table>

<p>Con el soporte de: Todos los cursos de la Escuela virtual de Verano Espiral tienen el reconocimiento del Departament d&#8217;Ensenyament de la Generalitat de Catalunya , por lo que su certificación tiene validez a todos los efectos administrativos. Los cursos virtuales de formación que l Asociación Espiral, Educación y Tecnologia&hellip;</p>
