{"id":609,"date":"2016-03-29T19:45:11","date_gmt":"2016-03-29T18:45:11","guid":{"rendered":"http:\/\/blogs.ciberespiral.org\/escuelas\/?page_id=609"},"modified":"2019-05-26T18:04:40","modified_gmt":"2019-05-26T17:04:40","slug":"cursos-3","status":"publish","type":"page","link":"https:\/\/blogs.ciberespiral.org\/escuelas\/cursos-3\/","title":{"rendered":"Cursos 2016"},"content":{"rendered":"<p><a href=\"http:\/\/blogs.ciberespiral.org\/escuelas\/wp-content\/uploads\/sites\/16\/2015\/04\/21.gif\"><img decoding=\"async\" class=\"aligncenter wp-image-561 size-medium\" src=\"http:\/\/blogs.ciberespiral.org\/escuelas\/wp-content\/uploads\/sites\/16\/2015\/04\/21-300x40.gif\" alt=\"Logo departament Ensenyament\" width=\"300\" height=\"40\" \/><\/a><\/p>\n<p>Tots els cursos de l&#8217;Escola virtual d&#8217;Estiu Espiral tenen el reconeixement del Departament\u00a0d&#8217;Ensenyament\u00a0de la Generalitat de Catalunya , i per tant la seva certificaci\u00f3 t\u00e9 validesa a tots els efectes administratius.<\/p>\n<p><iframe title=\"Presentaci\u00f3n Escuela Virtual de Verano 2016\" width=\"640\" height=\"360\" src=\"https:\/\/www.youtube.com\/embed\/fZnwLNtnrEU?feature=oembed\" frameborder=\"0\" allow=\"accelerometer; autoplay; clipboard-write; encrypted-media; gyroscope; picture-in-picture; web-share\" referrerpolicy=\"strict-origin-when-cross-origin\" allowfullscreen><\/iframe><\/p>\n<p>Els cursos virtuals de formaci\u00f3 que l&#8217;Associaci\u00f3 Espiral, Educaci\u00f3 i Tecnologia oferta en aquesta edici\u00f3\u00a0(<strong>de l&#8217;1 de juliol al 15 de juliol de 2016<\/strong>) s\u00f3n els seg\u00fcents:<\/p>\n<table style=\"border: 10px solid white;\">\n<tbody>\n<tr>\n<th style=\"background-color: #bdbdbd;\" width=\"300\">Cursos en Catal\u00e0<\/th>\n<th style=\"background-color: #bdbdbd;\" width=\"150\">Docents<\/th>\n<th style=\"background-color: #bdbdbd;\" width=\"35\">Hores<\/th>\n<\/tr>\n<tr style=\"background-color: #efefef;\">\n<td><a href=\"http:\/\/blogs.ciberespiral.org\/escuelas\/com-treballar-amb-dispositius-mobils-a-laula-2\">Com treballar amb dispositius m\u00f2bils a l&#8217;aula.<\/a><\/td>\n<td>Xavier Su\u00f1\u00e9<br \/>\nDelia G\u00e1mez<\/td>\n<td>30h.<\/td>\n<\/tr>\n<tr style=\"background-color: #f8f8f8;\">\n<td><a href=\"http:\/\/blogs.ciberespiral.org\/escuelas\/eines-tac-per-a-la-inclusio-del-tot-lalumnat-2\/\">Eines TAC per la inclusi\u00f3 de tot l&#8217;alumnat<\/a><\/td>\n<td>Maria Maci\u00e0<\/td>\n<td>30h.<\/td>\n<\/tr>\n<tr style=\"background-color: #efefef;\">\n<td><a href=\"http:\/\/blogs.ciberespiral.org\/escuelas\/flipped-classroom-capgira-la-classe-2\/\">Flipped Classroom, capgira la classe!<\/a><\/td>\n<td>Xavier Su\u00f1\u00e9<br \/>\nJoan Padr\u00f3s<\/td>\n<td>30h.<\/td>\n<\/tr>\n<tr style=\"background-color: #f8f8f8;\">\n<td><a href=\"http:\/\/blogs.ciberespiral.org\/escuelas\/multimedia-basica-2\/\"><del>Multim\u00e8dia b\u00e0sica<\/del> Curs Cancel\u00b7lat<\/a><\/td>\n<td>Joan Padr\u00f3s<\/td>\n<td>30h.<\/td>\n<\/tr>\n<tr style=\"background-color: #efefef;\">\n<td><a href=\"http:\/\/blogs.ciberespiral.org\/escuelas\/scratch-2-0-pensament-creatiu-a-laula-2\/\">Scratch 2.0! Pensament creatiu a l&#8217;aula<\/a><\/td>\n<td>Frank Sabat\u00e9<\/td>\n<td>30h.<\/td>\n<\/tr>\n<tr style=\"background-color: #f8f8f8;\">\n<td><a href=\"http:\/\/blogs.ciberespiral.org\/escuelas\/ca\/apps-google-aplicades-a-leducacio\/\"><del>Apps Google aplicades a l&#8217;educaci\u00f3<\/del> Curs cancel\u00b7lat<\/a><\/td>\n<td>Sara Su\u00f1\u00e9<\/td>\n<td>30h.<\/td>\n<\/tr>\n<tr style=\"background-color: #efefef;\">\n<td><a href=\"http:\/\/blogs.ciberespiral.org\/escuelas\/aprenem-a-programar-android-amb-appinventor\/\">Aprenem a programar android amb Appinventor!<br \/>\n<\/a><\/td>\n<td>Josep Ramon Planas<\/td>\n<td>30h.<\/td>\n<\/tr>\n<\/tbody>\n<\/table>\n<table style=\"border: 10px solid white;\">\n<tbody>\n<tr>\n<th style=\"background-color: #bdbdbd;\" width=\"300\">Cursos en Castell\u00e0<\/th>\n<th style=\"background-color: #bdbdbd;\" width=\"150\">Docents<\/th>\n<th style=\"background-color: #bdbdbd;\" width=\"35\">Hores<\/th>\n<\/tr>\n<tr style=\"background-color: #efefef;\">\n<td><a href=\"http:\/\/blogs.ciberespiral.org\/escuelas\/aprendizaje-basado-en-problemas-y-en-proyectos-2\">Aprendizaje Basado en Problemas y en Proyectos<\/a><\/td>\n<td>Jordi Guim<\/td>\n<td>30h.<\/td>\n<\/tr>\n<tr style=\"background-color: #f8f8f8;\">\n<td><a href=\"http:\/\/blogs.ciberespiral.org\/escuelas\/rodamos-en-el-aula-el-stop-motion\/\"><del>Rodamos en el aula: el stop-motion<\/del> Curs cancel\u00b7lat<\/a><\/td>\n<td>Jose Daniel Garc\u00eda<\/td>\n<td>30h.<\/td>\n<\/tr>\n<tr style=\"background-color: #efefef;\">\n<td><a href=\"http:\/\/blogs.ciberespiral.org\/escuelas\/aprendizaje-cooperativo-en-educacion-primaria\">Aprendizaje cooperativo en Educaci\u00f3n Primaria<\/a><\/td>\n<td>Juan Carlos Palomino<\/td>\n<td>30h.<\/td>\n<\/tr>\n<tr style=\"background-color: #f8f8f8;\">\n<td><a href=\"http:\/\/blogs.ciberespiral.org\/escuelas\/gamficando-voy-y-vengo-por-el-camino-aprendo\">Gamificando voy y vengo. Por el camino\u2026aprendo<\/a><\/td>\n<td>Clara Cordero<br \/>\nSalvador Carri\u00f3n<\/td>\n<td>30h.<\/td>\n<\/tr>\n<\/tbody>\n<\/table>\n<table style=\"border: 10px solid white;\">\n<tbody>\n<tr>\n<th style=\"background-color: #bdbdbd;\" width=\"300\">Cursos en Anlges<\/th>\n<th style=\"background-color: #bdbdbd;\" width=\"150\">Docentes<\/th>\n<th style=\"background-color: #bdbdbd;\" width=\"35\">Horas<\/th>\n<\/tr>\n<tr style=\"background-color: #efefef;\">\n<td><a href=\"http:\/\/blogs.ciberespiral.org\/escuelas\/lets-clil-aicle-2\/\">Let&#8217;s CLIL (AICLE) <span style=\"color: #ff6600;\">Places exhaurides<\/span><\/a><\/td>\n<td>Almodis Orellana<br \/>\nMarta Cabeza<\/td>\n<td>30h.<\/td>\n<\/tr>\n<\/tbody>\n<\/table>\n","protected":false},"excerpt":{"rendered":"<p>Tots els cursos de l&#8217;Escola virtual d&#8217;Estiu Espiral tenen el reconeixement del Departament\u00a0d&#8217;Ensenyament\u00a0de la Generalitat de Catalunya , i per tant la seva certificaci\u00f3 t\u00e9 validesa a tots els efectes administratius. Els cursos virtuals de formaci\u00f3 que l&#8217;Associaci\u00f3 Espiral, Educaci\u00f3 i Tecnologia oferta en aquesta edici\u00f3\u00a0(de l&#8217;1 de juliol al&hellip;<\/p>\n","protected":false},"author":1,"featured_media":0,"parent":0,"menu_order":0,"comment_status":"closed","ping_status":"closed","template":"","meta":{"footnotes":""},"class_list":["post-609","page","type-page","status-publish","hentry"],"_links":{"self":[{"href":"https:\/\/blogs.ciberespiral.org\/escuelas\/wp-json\/wp\/v2\/pages\/609","targetHints":{"allow":["GET"]}}],"collection":[{"href":"https:\/\/blogs.ciberespiral.org\/escuelas\/wp-json\/wp\/v2\/pages"}],"about":[{"href":"https:\/\/blogs.ciberespiral.org\/escuelas\/wp-json\/wp\/v2\/types\/page"}],"author":[{"embeddable":true,"href":"https:\/\/blogs.ciberespiral.org\/escuelas\/wp-json\/wp\/v2\/users\/1"}],"replies":[{"embeddable":true,"href":"https:\/\/blogs.ciberespiral.org\/escuelas\/wp-json\/wp\/v2\/comments?post=609"}],"version-history":[{"count":70,"href":"https:\/\/blogs.ciberespiral.org\/escuelas\/wp-json\/wp\/v2\/pages\/609\/revisions"}],"predecessor-version":[{"id":2788,"href":"https:\/\/blogs.ciberespiral.org\/escuelas\/wp-json\/wp\/v2\/pages\/609\/revisions\/2788"}],"wp:attachment":[{"href":"https:\/\/blogs.ciberespiral.org\/escuelas\/wp-json\/wp\/v2\/media?parent=609"}],"curies":[{"name":"wp","href":"https:\/\/api.w.org\/{rel}","templated":true}]}}