{"id":2947,"date":"2020-04-27T16:57:13","date_gmt":"2020-04-27T15:57:13","guid":{"rendered":"http:\/\/blogs.ciberespiral.org\/escuelas\/?page_id=2947"},"modified":"2020-05-23T10:09:48","modified_gmt":"2020-05-23T09:09:48","slug":"escapa-de-la-rutina-a-laula-crea-un-escape-room-educatiu","status":"publish","type":"page","link":"https:\/\/blogs.ciberespiral.org\/escuelas\/escapa-de-la-rutina-a-laula-crea-un-escape-room-educatiu\/","title":{"rendered":"Escapa de la rutina a l\u2019aula: Crea un escape room educatiu"},"content":{"rendered":"\n<div class=\"wp-block-button\"><a class=\"wp-block-button__link\" href=\"https:\/\/docs.google.com\/forms\/d\/e\/1FAIpQLSdj0dnqM2xVFodi1xECaHkNsB2YU1wiKuf8rNQwgZH72YqniQ\/viewform?usp=sf_link\"> Inscriu-te <\/a><\/div>\n\n\n\n<figure class=\"wp-block-embed-youtube wp-block-embed is-type-video is-provider-youtube wp-embed-aspect-16-9 wp-has-aspect-ratio\"><div class=\"wp-block-embed__wrapper\">\n<iframe title=\"Escapa de la Rutina a l\u2019aula\" width=\"640\" height=\"360\" src=\"https:\/\/www.youtube.com\/embed\/KWHmJT73bQI?feature=oembed\" frameborder=\"0\" allow=\"accelerometer; autoplay; clipboard-write; encrypted-media; gyroscope; picture-in-picture; web-share\" referrerpolicy=\"strict-origin-when-cross-origin\" allowfullscreen><\/iframe>\n<\/div><\/figure>\n\n\n\n<h4 class=\"wp-block-heading\">Descripci\u00f3 del curs<\/h4>\n\n\n\n<p>Els escape rooms educatius o els BreakOutEdu s\u00f3n una experi\u00e8ncia gamificada inmersiva en la qual els nostre alumnat ha de resoldre resoldre enigmes i problemes en un temps determinat. A difer\u00e8ncia dels escape rooms en els que l\u2019objectiu final es sortir d\u2019una habitaci\u00f3, els BreakOutEdu tenen com a  objectiu resoldre reptes i obtindre objectes sense sortir de l\u2019aula. Els BreakOutEdu permeten que  l\u2019alumnat siga el centre de l\u2019activitat i afavoreix compet\u00e8ncies comunicatives, de treball en equip,  pensament lateral o treballar baix la pressi\u00f3 del cronometre. En quest curs podr\u00e0s con\u00e8ixer el proc\u00e9s  per crear BreakOutEdu que facin al teu alumnat ser el centre d\u2019una aventura inoblidable.<\/p>\n\n\n\n<h4 class=\"wp-block-heading\">Destinataris<\/h4>\n\n\n\n<p>Qualsevol persona que vulgui apropar-se a aquesta metodologia<\/p>\n\n\n\n<h4 class=\"wp-block-heading\">Requisits tecnol\u00f2gics<\/h4>\n\n\n\n<p>Per seguir aquest curs necessitareu:<\/p>\n\n\n\n<ul class=\"wp-block-list\"><li>Un navegador actualitzat (per exemple Mozilla Firefox, Google Chrome, o d\u2019altres)<\/li><li>Un processador de textos (OpenOffice Writer, MS Word, serveis en l\u00ednia, \u2026)<\/li><li>Un lector de pdf (com ara el Acrobat Reader)<\/li><li>Compet\u00e8ncies digitals per crear un portfoli o bloc<\/li><li>\u00das de diferents eines digitals que facilitar\u00e1n la creaci\u00f3 de les proves del breakout Edu<\/li><\/ul>\n\n\n\n<h4 class=\"wp-block-heading\">Objectius<\/h4>\n\n\n\n<p>Com a participants en aquest curs, desenvolupareu les seg\u00fcents compet\u00e8ncies:<\/p>\n\n\n\n<ul class=\"wp-block-list\"><li>Con\u00e8ixer qu\u00e8 \u00e9s un escape room i un breakoutedu<\/li><li>Comprendre els elements dels jocs que hi ha a un breakoutedu<\/li><li>Crear un breakoutedu<\/li><\/ul>\n\n\n\n<h4 class=\"wp-block-heading\">Continguts<\/h4>\n\n\n\n<p>M\u00f2dul 0. Benvinguts\/es a l\u2019escola d\u2019enigmes<\/p>\n\n\n\n<ul class=\"wp-block-list\"><li> Presentaci\u00f3 de l\u2019escola d\u2019enigmes <\/li><li>Creaci\u00f3 d\u2019un bloc o portfoli digitals<\/li><li>Presentaci\u00f3 al f\u00f2rum del curs <\/li><\/ul>\n\n\n\n<p>M\u00f2dul 1 BreakOutEdu o Escape room en educaci\u00f3<\/p>\n\n\n\n<ul class=\"wp-block-list\"><li>Qu\u00e8 \u00e9s un breakOutEdu<\/li><li>\u00das educatiu<\/li><li>Avantatges de l&#8217;\u00fas dels BreakOutEdu a l\u2019aula<\/li><\/ul>\n\n\n\n<p>M\u00f2dul 2 BreakOutEdu i gamificaci\u00f3<\/p>\n\n\n\n<ul class=\"wp-block-list\"><li>Tipus de jugadors<\/li><li>Din\u00e0miques<\/li><li>Mec\u00e0niques<\/li><li>Cicles<\/li><li>Narrativa \/est\u00e8tica<\/li><\/ul>\n\n\n\n<p>M\u00f2dul 3 Crea el teu BreakOutEdu<\/p>\n\n\n\n<ul class=\"wp-block-list\"><li>Estructura d\u2019un BreakOutEdu<\/li><li>Canva per crear un BreakOutEdu<\/li><li>Recomanacions<\/li><li>Desenvolupament de les proves i materials<\/li><li>Taula de relacions<\/li><li>Ambientaci\u00f3 i posada en pr\u00e0ctica<\/li><\/ul>\n\n\n\n<h4 class=\"wp-block-heading\">Metodologia<\/h4>\n\n\n\n<p>La metodologia de treball ser\u00e0 no presencial: aix\u00f2 vol dir que el curs el farem &#8220;en l\u00ednia&#8221;, \u00e9s a dir, connectats a Internet i a trav\u00e9s de l&#8217;aula virtual (Moodle) d&#8217;Espiral.<br>Tot i que anirem seguint una planificaci\u00f3 temporal, podeu anar explorant ela diferents f\u00f2rums i recursos de l\u2019aula. En aquest curs vosaltres sou els protagonistes, sou qui ha de planificar l\u2019aprenentatge i construir el coneixement. Per fer-ho podeu comptar amb l\u2019ajut de les persones formadores, els materials i la resta de recursos.<\/p>\n\n\n\n<h4 class=\"wp-block-heading\">Certificaci\u00f3<\/h4>\n\n\n\n<p>Els i les participants hauran de realitzar de manera satisfact\u00f2ria el 100% de les activitats  obligat\u00f2ries planificades i hauran d&#8217;entregar-les dins del termini establert pel formador, per superar el curs.<\/p>\n\n\n\n<div class=\"wp-block-button\"><a class=\"wp-block-button__link\" href=\"https:\/\/docs.google.com\/forms\/d\/e\/1FAIpQLSdj0dnqM2xVFodi1xECaHkNsB2YU1wiKuf8rNQwgZH72YqniQ\/viewform?usp=sf_link\"> Inscriu-te <\/a><\/div>\n","protected":false},"excerpt":{"rendered":"<p>Descripci\u00f3 del curs Els escape rooms educatius o els BreakOutEdu s\u00f3n una experi\u00e8ncia gamificada inmersiva en la qual els nostre alumnat ha de resoldre resoldre enigmes i problemes en un temps determinat. A difer\u00e8ncia dels escape rooms en els que l\u2019objectiu final es sortir d\u2019una habitaci\u00f3, els BreakOutEdu tenen com&hellip;<\/p>\n","protected":false},"author":49,"featured_media":0,"parent":0,"menu_order":0,"comment_status":"closed","ping_status":"closed","template":"","meta":{"footnotes":""},"class_list":["post-2947","page","type-page","status-publish","hentry"],"_links":{"self":[{"href":"https:\/\/blogs.ciberespiral.org\/escuelas\/wp-json\/wp\/v2\/pages\/2947","targetHints":{"allow":["GET"]}}],"collection":[{"href":"https:\/\/blogs.ciberespiral.org\/escuelas\/wp-json\/wp\/v2\/pages"}],"about":[{"href":"https:\/\/blogs.ciberespiral.org\/escuelas\/wp-json\/wp\/v2\/types\/page"}],"author":[{"embeddable":true,"href":"https:\/\/blogs.ciberespiral.org\/escuelas\/wp-json\/wp\/v2\/users\/49"}],"replies":[{"embeddable":true,"href":"https:\/\/blogs.ciberespiral.org\/escuelas\/wp-json\/wp\/v2\/comments?post=2947"}],"version-history":[{"count":5,"href":"https:\/\/blogs.ciberespiral.org\/escuelas\/wp-json\/wp\/v2\/pages\/2947\/revisions"}],"predecessor-version":[{"id":3221,"href":"https:\/\/blogs.ciberespiral.org\/escuelas\/wp-json\/wp\/v2\/pages\/2947\/revisions\/3221"}],"wp:attachment":[{"href":"https:\/\/blogs.ciberespiral.org\/escuelas\/wp-json\/wp\/v2\/media?parent=2947"}],"curies":[{"name":"wp","href":"https:\/\/api.w.org\/{rel}","templated":true}]}}