{"id":2893,"date":"2020-04-15T13:04:25","date_gmt":"2020-04-15T12:04:25","guid":{"rendered":"https:\/\/escuelas.ciberespiral.org\/?page_id=2893"},"modified":"2020-06-29T12:21:38","modified_gmt":"2020-06-29T11:21:38","slug":"cursos-2020","status":"publish","type":"page","link":"https:\/\/blogs.ciberespiral.org\/escuelas\/","title":{"rendered":"Cursos 2020"},"content":{"rendered":"\t\t<div data-elementor-type=\"wp-post\" data-elementor-id=\"2893\" class=\"elementor elementor-2893\">\n\t\t\t\t\t\t<section class=\"elementor-section elementor-top-section elementor-element elementor-element-773fc365 elementor-section-boxed elementor-section-height-default elementor-section-height-default\" data-id=\"773fc365\" data-element_type=\"section\">\n\t\t\t\t\t\t<div class=\"elementor-container elementor-column-gap-default\">\n\t\t\t\t\t<div class=\"elementor-column elementor-col-100 elementor-top-column elementor-element elementor-element-6427e721\" data-id=\"6427e721\" data-element_type=\"column\">\n\t\t\t<div class=\"elementor-widget-wrap elementor-element-populated\">\n\t\t\t\t\t\t<div class=\"elementor-element elementor-element-12fc6ef2 elementor-widget elementor-widget-text-editor\" data-id=\"12fc6ef2\" data-element_type=\"widget\" data-widget_type=\"text-editor.default\">\n\t\t\t\t<div class=\"elementor-widget-container\">\n\t\t\t\t\t\t\t<table style=\"border: 10px solid white; height: 375px;\" width=\"890\"><tbody><tr><th style=\"background-color: #bdbdbd;\" width=\"300\">Cursos en Castellano<\/th><th style=\"background-color: #bdbdbd;\" width=\"150\">Docentes<\/th><th style=\"background-color: #bdbdbd;\" width=\"35\">Horas<\/th><\/tr><tr style=\"background-color: #efefef;\"><td><a href=\"http:\/\/blogs.ciberespiral.org\/escuelas\/pedagogia-en-tiempos-digitales\/\" target=\"_blank\" rel=\"noopener noreferrer\">Pedagog\u00eda en tiempos digitales <\/a><a href=\"http:\/\/blogs.ciberespiral.org\/escuelas\/una-mirada-digital-al-dua\/\">(<strong>No admite Matr\u00edcula<\/strong>)<\/a><\/td><td><a href=\"http:\/\/blogs.ciberespiral.org\/escuelas\/docentes-2020\/oihana_ederra\/\">Oihana Ederra<\/a><\/td><td>30h.<\/td><\/tr><tr style=\"background-color: #f8f8f8;\"><td><a href=\"http:\/\/blogs.ciberespiral.org\/escuelas\/instrumentos-y-aplicaciones-para-simplificar-el-proceso-evaluador-2\/\" target=\"_blank\" rel=\"noopener noreferrer\">Simplifica el proceso de evaluaci\u00f3n. Instrumentos y aplicaciones<\/a><\/td><td><a href=\"http:\/\/blogs.ciberespiral.org\/escuelas\/docentes-2020\/azucena_vazquez_gutierrez\/\">Azu Vazquez<\/a><\/td><td>30h.<\/td><\/tr><tr style=\"background-color: #efefef;\"><td><a href=\"http:\/\/blogs.ciberespiral.org\/escuelas\/google-suite-for-education-aplicacion-y-uso-en-el-aula\/\" target=\"_blank\" rel=\"noopener noreferrer\">Google Suite for Education: Aplicaci\u00f3n y uso en el aula<\/a><\/td><td><a href=\"http:\/\/blogs.ciberespiral.org\/escuelas\/docentes-2020\/oihana_ederra\/\">Oihana Ederra<\/a><\/td><td>30h.<\/td><\/tr><tr style=\"background-color: #f8f8f8;\"><td><a href=\"http:\/\/blogs.ciberespiral.org\/escuelas\/creatividad-en-el-aula-recursos-tecnicas-y-herramientas-para-innovar-creando-3\/\" target=\"_blank\" rel=\"noopener noreferrer\">Creatividad en el aula<\/a><\/td><td><a href=\"http:\/\/blogs.ciberespiral.org\/escuelas\/docentes-2020\/javier_barba_calatrava\/\">Javier Barba<\/a><a href=\"http:\/\/blogs.ciberespiral.org\/escuelas\/docentes-2020\/jaione_pozuelo_echegaray\/\"><br \/>Jaione Pozuelo<\/a><\/td><td>30h.<\/td><\/tr><tr style=\"background-color: #efefef;\"><td><a href=\"http:\/\/blogs.ciberespiral.org\/escuelas\/transformate-imagina-programa-y-comparte-con-scratch\/\" target=\"_blank\" rel=\"noopener noreferrer\">Transf\u00f3rmate &#8211; imagina, programa y comparte con Scratch<\/a><\/td><td><a href=\"http:\/\/blogs.ciberespiral.org\/escuelas\/docentes-2020\/roger_olivella\/\">Roger Olivella<\/a><\/td><td>30h.<\/td><\/tr><\/tbody><\/table><table style=\"border: 10px solid white; height: 375px;\" width=\"890\"><tbody><tr><th style=\"background-color: #bdbdbd;\" width=\"300\">Cursos en Catal\u00e1n<\/th><th style=\"background-color: #bdbdbd;\" width=\"150\">Docentes<\/th><th style=\"background-color: #bdbdbd;\" width=\"35\">Horas<\/th><\/tr><tr style=\"background-color: #efefef;\"><td><a href=\"http:\/\/blogs.ciberespiral.org\/escuelas\/una-mirada-digital-al-dua\/\">Una mirada digital al DUA (<strong>No admet Matr\u00edcula<\/strong>)<br \/><\/a><\/td><td><a href=\"http:\/\/blogs.ciberespiral.org\/escuelas\/docentes-2020\/sandra_gay_boelle\/\">Sandra Gay<\/a><\/td><td>30h.<\/td><\/tr><tr style=\"background-color: #f8f8f8;\"><td><a href=\"http:\/\/blogs.ciberespiral.org\/escuelas\/transformat-imagina-programa-i-comparteix-amb-scratch\/\">Transforma&#8217;t &#8211; imagina, programa i comparteix amb Scratch<\/a><\/td><td><a href=\"http:\/\/blogs.ciberespiral.org\/escuelas\/docentes-2020\/roger_olivella\/\">Roger Olivella<\/a><\/td><td>30h.<\/td><\/tr><tr style=\"background-color: #efefef;\"><td><a href=\"http:\/\/blogs.ciberespiral.org\/escuelas\/metodologies-actives\/\">Metodologies actives i TIC<\/a><\/td><td><a href=\"http:\/\/blogs.ciberespiral.org\/escuelas\/docentes-2020\/azucena_vazquez_gutierrez\/\">Azu Vazquez<\/a><\/td><td>30h.<\/td><\/tr><tr style=\"background-color: #f8f8f8;\"><td><a href=\"http:\/\/blogs.ciberespiral.org\/escuelas\/fomenta-una-cultura-de-pensament-la-teva-aula-rutines-y-destreses\/\">Fomenta una cultura de pensament a l&#8217;aula <\/a><a href=\"http:\/\/blogs.ciberespiral.org\/escuelas\/una-mirada-digital-al-dua\/\">(<strong>No admet Matr\u00edcula<\/strong>)<\/a><\/td><td><a href=\"http:\/\/blogs.ciberespiral.org\/escuelas\/nerea_montano\/\">Nerea Monta\u00f1o<\/a><\/td><td>30h.<\/td><\/tr><tr style=\"background-color: #efefef;\"><td><a href=\"http:\/\/blogs.ciberespiral.org\/escuelas\/escapa-de-la-rutina-a-laula-crea-un-escape-room-educatiu\/\">Escapa de la rutina a l\u2019aula<\/a><\/td><td><a href=\"http:\/\/blogs.ciberespiral.org\/escuelas\/docentes-2020\/pepe_soriano_vanaclocha\/\">Pepe Soriano<\/a><\/td><td>30h.<\/td><\/tr><tr style=\"background-color: #f8f8f8;\"><td><a href=\"http:\/\/blogs.ciberespiral.org\/escuelas\/creativitat-a-laula-recursos-tecniques-i-eines-per-innovar-creant-2\/\">Creativitat a l\u2019aula<\/a><\/td><td><a href=\"http:\/\/blogs.ciberespiral.org\/escuelas\/docentes-2020\/javier_barba_calatrava\/\">Javier Barba<\/a><br \/><a href=\"http:\/\/blogs.ciberespiral.org\/escuelas\/docentes-2020\/jaione_pozuelo_echegaray\/\"> Jaione Pozuelo<\/a><\/td><td>30h.<\/td><\/tr><tr style=\"background-color: #efefef;\"><td><a href=\"http:\/\/blogs.ciberespiral.org\/escuelas\/capgira-la-teva-aula\/\">Capgira la teva aula <\/a><a href=\"http:\/\/blogs.ciberespiral.org\/escuelas\/una-mirada-digital-al-dua\/\">(<strong>No admet Matr\u00edcula<\/strong>)<\/a><\/td><td><a href=\"http:\/\/blogs.ciberespiral.org\/escuelas\/docentes-2020\/xavi_sune\/\">Xavi Su\u00f1\u00e9<\/a><br \/><a href=\"http:\/\/blogs.ciberespiral.org\/escuelas\/docentes-2020\/joan_padros\/\">JoanPadr\u00f3s<\/a><\/td><td>30h.<\/td><\/tr><\/tbody><\/table><p>Con el apoyo del <strong>Departament d&#8217;Educaci\u00f3 de la Generalitat de Catalunya<\/strong><\/p><p>Los cursos de la Escuela virtual de Verano Espiral est\u00e1n reconocidos por el Departament d&#8217;Educaci\u00f3 de la Generalitat de Catalunya, para que su certificaci\u00f3n tenga validez a todos los efectos administrativos.<\/p><p>Los cursos se desarrollar\u00e1n de manera telem\u00e1tica en el campus virtual de Espiral del 1 al 15 de julio de 2020<\/p><p>Los cursos de formaci\u00f3n en l\u00ednea que la Asociaci\u00f3n Espiral, Educaci\u00f3n y Tecnolog\u00eda oferta en esta edici\u00f3n son los siguientes:<\/p>\t\t\t\t\t\t<\/div>\n\t\t\t\t<\/div>\n\t\t\t\t\t<\/div>\n\t\t<\/div>\n\t\t\t\t\t<\/div>\n\t\t<\/section>\n\t\t\t\t<\/div>\n\t\t","protected":false},"excerpt":{"rendered":"<p>Cursos en Castellano Docentes Horas Pedagog\u00eda en tiempos digitales (No admite Matr\u00edcula) Oihana Ederra 30h. Simplifica el proceso de evaluaci\u00f3n. Instrumentos y aplicaciones Azu Vazquez 30h. Google Suite for Education: Aplicaci\u00f3n y uso en el aula Oihana Ederra 30h. Creatividad en el aula Javier BarbaJaione Pozuelo 30h. Transf\u00f3rmate &#8211; imagina,&hellip;<\/p>\n","protected":false},"author":49,"featured_media":0,"parent":0,"menu_order":0,"comment_status":"closed","ping_status":"closed","template":"","meta":{"footnotes":""},"class_list":["post-2893","page","type-page","status-publish","hentry"],"_links":{"self":[{"href":"https:\/\/blogs.ciberespiral.org\/escuelas\/wp-json\/wp\/v2\/pages\/2893","targetHints":{"allow":["GET"]}}],"collection":[{"href":"https:\/\/blogs.ciberespiral.org\/escuelas\/wp-json\/wp\/v2\/pages"}],"about":[{"href":"https:\/\/blogs.ciberespiral.org\/escuelas\/wp-json\/wp\/v2\/types\/page"}],"author":[{"embeddable":true,"href":"https:\/\/blogs.ciberespiral.org\/escuelas\/wp-json\/wp\/v2\/users\/49"}],"replies":[{"embeddable":true,"href":"https:\/\/blogs.ciberespiral.org\/escuelas\/wp-json\/wp\/v2\/comments?post=2893"}],"version-history":[{"count":32,"href":"https:\/\/blogs.ciberespiral.org\/escuelas\/wp-json\/wp\/v2\/pages\/2893\/revisions"}],"predecessor-version":[{"id":3271,"href":"https:\/\/blogs.ciberespiral.org\/escuelas\/wp-json\/wp\/v2\/pages\/2893\/revisions\/3271"}],"wp:attachment":[{"href":"https:\/\/blogs.ciberespiral.org\/escuelas\/wp-json\/wp\/v2\/media?parent=2893"}],"curies":[{"name":"wp","href":"https:\/\/api.w.org\/{rel}","templated":true}]}}