{"id":2271,"date":"2019-05-15T13:42:11","date_gmt":"2019-05-15T12:42:11","guid":{"rendered":"http:\/\/blogs.ciberespiral.org\/escuelas\/?page_id=2271"},"modified":"2019-05-20T12:00:03","modified_gmt":"2019-05-20T11:00:03","slug":"escapa-de-la-rutina-a-laula-crea-un-breakout-edu-2","status":"publish","type":"page","link":"https:\/\/blogs.ciberespiral.org\/escuelas\/escapa-de-la-rutina-a-laula-crea-un-breakout-edu-2\/","title":{"rendered":"Escapa de la rutina a l\u2019aula: crea un BreakOut Edu"},"content":{"rendered":"<p><iframe title=\"Teaser Enigmo\" width=\"640\" height=\"360\" src=\"https:\/\/www.youtube.com\/embed\/UuM3gtkqPhA?feature=oembed\" frameborder=\"0\" allow=\"accelerometer; autoplay; clipboard-write; encrypted-media; gyroscope; picture-in-picture; web-share\" referrerpolicy=\"strict-origin-when-cross-origin\" allowfullscreen><\/iframe><\/p>\n<h4>Descripci\u00f3 del curs<\/h4>\n<p><span style=\"color: #000000;\">Els scape rooms educatius o els BreakOutEdu s\u00f3n una experi\u00e8ncia gamificada inmersiva en la qual els nostre alumnat ha de resoldre resoldre enigmes i problemes en un temps determinat. A difer\u00e8ncia dels scape rooms en els que l&#8217;objectiu final \u00e9s sortir d&#8217;una habitaci\u00f3, els BreakOutEdu tenen com a objectiu obrir caixes per obtenir objectes sense sortir de l&#8217;aula. Els BreakOutEdu permeten que l&#8217;alumnat sigui el centre de l&#8217;activitat i afavoreix compet\u00e8ncies comunicatives, de treball en equip, pensament lateral o treballar sota la pressi\u00f3 del cron\u00f2metre. En aquest curs podr\u00e0s con\u00e8ixer el proc\u00e9s per crear BreakOutEdu que facin al teu alumnat ser el centre d&#8217;una aventura inoblidable.<\/span><\/p>\n<h4>Destinataris<\/h4>\n<p>Profesorat, mestres i educadors de distints \u00e0mbits docents.<\/p>\n<h4>Requisits tecnol\u00f2gics<\/h4>\n<p>Per seguir aquest curs necessitareu:<\/p>\n<ul>\n<li>Un navegador\u00a0<span style=\"color: #000000;\">actualitzat<\/span>\u00a0(per exemple Mozilla Firefox, Google Chrome, o d\u2019altres)<\/li>\n<li>Un processador de textos (OpenOffice Writer, MS Word, serveis en l\u00ednia)<\/li>\n<li>Un lector de pdf (com ara el Acrobat Reader)<\/li>\n<li>Compet\u00e8ncies digitals per crear un portfoli o bloc<\/li>\n<li>\u00das de diferents eines digitals que facilitar\u00e1n la creaci\u00f3 de les proves del breakoutEdu.<\/li>\n<\/ul>\n<h4>Objectius<\/h4>\n<ul>\n<li><span style=\"font-size: medium;\">Con\u00e8ixer qu\u00e8 \u00e9s un scape room i un breakoutedu\u00a0<\/span><\/li>\n<li><span style=\"font-size: medium;\">Comprendre els elements dels jocs que hi ha a un breakoutedu\u00a0<\/span><\/li>\n<li><span style=\"font-size: medium;\">Crear un breakoutedu<\/span><\/li>\n<\/ul>\n<div>\n<h4>Continguts<\/h4>\n<div><span style=\"font-size: medium;\">0. Benvinguts\/es a l\u2019escola d\u2019enigmes\u00a0<\/span><\/div>\n<div>\n<ul>\n<li>Presentaci\u00f3 de l&#8217;escola d&#8217;enigmes<\/li>\n<li>Creaci\u00f3 d\u2019un bloc o portfoli digitals<\/li>\n<li>Presentaci\u00f3 al f\u00f2rum del curs<\/li>\n<\/ul>\n<\/div>\n<p>1. BreakOutEdu o Scape room en educaci\u00f3<\/p>\n<ul>\n<li>Qu\u00e8 \u00e9s un breakOutEdu<\/li>\n<li>\u00das educatiu<\/li>\n<li>Avantatges de l&#8217;\u00fas dels BreakOutEdu a l&#8217;aula<\/li>\n<\/ul>\n<p>2. BreakOutEdu i gamificaci\u00f3<\/p>\n<ul>\n<li>Tipus de jugadors<\/li>\n<li>Din\u00e0miques<\/li>\n<li>Mec\u00e0niques<\/li>\n<li>Cicles<\/li>\n<li>Narrativa \/est\u00e8tica<\/li>\n<\/ul>\n<p>3. Crea el teu BreakOutEdu<\/p>\n<ul>\n<li>Estructura d\u2019un BreakOutEdu<\/li>\n<li>Canva per crear un BreakOutEdu<\/li>\n<li>Recomanacions<\/li>\n<li>Desenvolupament de les proves i materials<\/li>\n<li>Taula de relacions<\/li>\n<li>Ambientaci\u00f3 i posada en pr\u00e0ctica<\/li>\n<\/ul>\n<h4>Metodologia<\/h4>\n<div>\n<p><span style=\"font-size: medium;\"><span style=\"color: #000000;\">\u00c9s un curs en l\u00ednia que es realitza al <a href=\"https:\/\/campusespiral.org\/\" target=\"_blank\" rel=\"noopener noreferrer\">Campus d&#8217;Espiral<\/a>.\u00a0<\/span><\/span>Tot i que anirem seguint una planificaci\u00f3 temporal, podeu anar explorant els diferents f\u00f2rums i recursos de l&#8217;aula. En aquest curs vosaltres sou els protagonistes, sou qui ha de planificar l&#8217;aprenentatge i construir el coneixement. Per fer-ho podeu comptar amb l&#8217;ajut de les persones formadores, els materials i la resta de recursos.<\/p>\n<\/div>\n<div>\n<p><span style=\"font-size: medium;\"><span style=\"font-size: medium;\"> Les activitats es realitzaran seguint dues din\u00e0miques:<\/span><\/span><\/p>\n<ul>\n<li>Individual: reflexions als bloc o portfoli digital<\/li>\n<li>Grup sencer. Aquest \u00e9s el cas dels f\u00f2rums, que requereixen la participaci\u00f3 de tots vosaltres perqu\u00e8 la discussi\u00f3 sigui rica i profitosa i puguem aprendre de manera cooperativa<\/li>\n<\/ul>\n<h4>Certificaci\u00f3<\/h4>\n<p>Per poder certificar el curs, els participants han de superar el 100% de les activitats obligat\u00f2ries del mateix, en els terminis establerts, havent rebut una valoraci\u00f3 positiva de les activitats realitzades per part de la persona formadora. El curs es certifica amb 30 hores.<\/p>\n<\/div>\n<\/div>\n<h3><strong><a href=\"http:\/\/escuelas.ciberespiral.org\/ca\/matricula-2\/\">Inscripci\u00f3<\/a><\/strong><\/h3>\n","protected":false},"excerpt":{"rendered":"<p>Descripci\u00f3 del curs Els scape rooms educatius o els BreakOutEdu s\u00f3n una experi\u00e8ncia gamificada inmersiva en la qual els nostre alumnat ha de resoldre resoldre enigmes i problemes en un temps determinat. A difer\u00e8ncia dels scape rooms en els que l&#8217;objectiu final \u00e9s sortir d&#8217;una habitaci\u00f3, els BreakOutEdu tenen com&hellip;<\/p>\n","protected":false},"author":49,"featured_media":0,"parent":0,"menu_order":0,"comment_status":"closed","ping_status":"closed","template":"","meta":{"footnotes":""},"class_list":["post-2271","page","type-page","status-publish","hentry"],"_links":{"self":[{"href":"https:\/\/blogs.ciberespiral.org\/escuelas\/wp-json\/wp\/v2\/pages\/2271","targetHints":{"allow":["GET"]}}],"collection":[{"href":"https:\/\/blogs.ciberespiral.org\/escuelas\/wp-json\/wp\/v2\/pages"}],"about":[{"href":"https:\/\/blogs.ciberespiral.org\/escuelas\/wp-json\/wp\/v2\/types\/page"}],"author":[{"embeddable":true,"href":"https:\/\/blogs.ciberespiral.org\/escuelas\/wp-json\/wp\/v2\/users\/49"}],"replies":[{"embeddable":true,"href":"https:\/\/blogs.ciberespiral.org\/escuelas\/wp-json\/wp\/v2\/comments?post=2271"}],"version-history":[{"count":8,"href":"https:\/\/blogs.ciberespiral.org\/escuelas\/wp-json\/wp\/v2\/pages\/2271\/revisions"}],"predecessor-version":[{"id":2701,"href":"https:\/\/blogs.ciberespiral.org\/escuelas\/wp-json\/wp\/v2\/pages\/2271\/revisions\/2701"}],"wp:attachment":[{"href":"https:\/\/blogs.ciberespiral.org\/escuelas\/wp-json\/wp\/v2\/media?parent=2271"}],"curies":[{"name":"wp","href":"https:\/\/api.w.org\/{rel}","templated":true}]}}