{"id":198,"date":"2015-05-11T23:42:18","date_gmt":"2015-05-11T22:42:18","guid":{"rendered":"http:\/\/blogs.ciberespiral.org\/escuelas\/?page_id=198"},"modified":"2015-06-02T21:42:21","modified_gmt":"2015-06-02T20:42:21","slug":"moodle-avanzado","status":"publish","type":"page","link":"https:\/\/blogs.ciberespiral.org\/escuelas\/moodle-avanzado\/","title":{"rendered":"Moodle avanzado"},"content":{"rendered":"<h5 style=\"text-align: center;\">[youtube height=&#8221;315&#8243; width=&#8221;560&#8243;]https:\/\/www.youtube.com\/watch?v=sTLlgLZONog[\/youtube]<\/h5>\n<h5><span style=\"color: #3366ff;\">Descripci\u00f3n de la actividad<\/span><\/h5>\n<div>Este es un curso pensado para aquellos profesionales del \u00e1mbito educativo que ya han hecho un curso b\u00e1sico de Moodle y quieren profundizar en el conocimiento del programa.<\/div>\n<div><\/div>\n<div>Con la intenci\u00f3n de sacar el m\u00e1ximo partido de este entorno virtual formativo, la metodolog\u00eda es eminentemente pr\u00e1ctica. En este curso se trabajar\u00e1n aspectos relacionados con la creaci\u00f3n, la administraci\u00f3n y el mantenimiento de un entorno Moodle de centro que contenga uno o m\u00e1s cursos.<\/div>\n<h5><\/h5>\n<h5><span style=\"color: #3366ff;\">Destinatarios<\/span><\/h5>\n<p>Maestros y profesores de cualquier nivel educativo o administradores de Moodle.<\/p>\n<h5><\/h5>\n<h5><span style=\"color: #3366ff;\">Requisitos \u00a0t\u00e9cnicos de los participantes\u00a0<\/span><\/h5>\n<p>Para participar en el curso es necesario tener conocimientos b\u00e1sicos de Moodle.<\/p>\n<h5><\/h5>\n<h5><span style=\"color: #3366ff;\">Objetivos<\/span><\/h5>\n<ul>\n<li>Aprender a instalar y personalizar Moodle adaptando el entorno a nuestras necesidades.<\/li>\n<li>Crear un logotipo con GIMP.<\/li>\n<li>Dise\u00f1ar bloques HTML.<\/li>\n<li>Utilizar y distinguir tipos de recursos e insertar actividades de diferentes tipos (JClic, cuestionarios, lecciones, tareas, etc.).<\/li>\n<li>Adquirir conocimientos adecuados para la administraci\u00f3n de Moodle: dar de alta usuarios de forma masiva, crear grupos, controlar las calificaciones, escalas, categor\u00edas de tareas, etc.<\/li>\n<li>Aprender a realizar tareas de mantenimiento: copias de seguridad, actualizaciones, resoluci\u00f3n de problemas.<\/li>\n<\/ul>\n<h5><\/h5>\n<h5><span style=\"color: #3366ff;\">Contenidos<\/span><\/h5>\n<ul>\n<li>M\u00f3dulo 1: Conceptos previos: Arquitectura de Moodle. Dise\u00f1o de un logotipo. Tratamiento de la imagen con GIMP.<\/li>\n<li>M\u00f3dulo 2: Personalizar Moodle: Personalizaci\u00f3n del tema xtec2. Activaci\u00f3n del tema para m\u00f3viles. Bloques adicionales, derechos de p\u00e1gina, inclusi\u00f3n de elementos externos.<\/li>\n<li>M\u00f3dulo 3: Los recursos: Definici\u00f3n. Tipo. JClic como recurso.<\/li>\n<li>M\u00f3dulo 4: Actividades: Definici\u00f3n. Tipo. Diferentes formatos. Configuraci\u00f3n de cada tipo de actividad. Integraci\u00f3n de Hot Potatoes.<\/li>\n<li>M\u00f3dulo 5: Administraci\u00f3n de Moodle: Alta masiva de usuarios. Alta en los cursos. Creaci\u00f3n de grupos. Copias de seguridad. Importaci\u00f3n y exportaci\u00f3n de cursos.<\/li>\n<\/ul>\n<h5><\/h5>\n<h5><span style=\"color: #3366ff;\">Metodolog\u00eda<\/span><\/h5>\n<div>La metodolog\u00eda de trabajo ser\u00e1 no presencial, es decir, las tareas del curso se realizar\u00e1n &#8220;en l\u00ednea&#8221;, conectados a Internet y a trav\u00e9s del aula virtual.<br \/>\nAunque se seguir\u00e1 una planificaci\u00f3n temporal, los alumnos pueden explorar el funcionamiento del aula y sus rincones a su propio ritmo. En este curso los alumnos son los protagonistas, los que han de planificar el aprendizaje y construir el conocimiento. Para hacerlo cuentan con la ayuda del formador, los materiales y el resto de recursos.<\/div>\n<div><\/div>\n<div>Es fundamental entender que el n\u00famero de horas a dedicar puede ser muy variable, ya que depende de los conocimientos previos del alumno, su sistema de trabajo o bien su entorno operativo.<\/div>\n<div>\n<h5><\/h5>\n<h5><span style=\"color: #3366ff;\">Requisitos para la acreditaci\u00f3n<\/span><\/h5>\n<p>Para obtener la certificaci\u00f3n oficial del curso es necesario:<\/p>\n<ul>\n<li>Superar la evaluaci\u00f3n de las diferentes actividades planteadas durante el curso: deber\u00e1n ser valoradas positivamente al menos el 80% de las tareas.<\/li>\n<li>Entregar las actividades propuestas dentro del plazo preestablecido por el formador.<\/li>\n<\/ul>\n<div>\n<h5><\/h5>\n<h5><span style=\"color: #3366ff;\">Fechas de realizaci\u00f3n<\/span><\/h5>\n<p>del 1 al 17 de julio de 2015<\/p>\n<h5><span style=\"color: #3366ff;\">Duraci\u00f3n<\/span><\/h5>\n<p>30 horas<\/p>\n<\/div>\n<div>\n<h5><span style=\"color: #3366ff;\">Formador<\/span><\/h5>\n<p><img decoding=\"async\" class=\"alignleft wp-image-438 size-thumbnail\" src=\"http:\/\/blogs.ciberespiral.org\/escuelas\/wp-content\/uploads\/sites\/16\/2015\/05\/Josep-Ramon-Planas1-150x150.png\" alt=\"Josep Ramon Planas\" width=\"150\" height=\"150\" \/><strong>Josep Ramon Planas\u00a0<a href=\"https:\/\/twitter.com\/#!\/jplanasga\" target=\"_blank\">@jplanasga<\/a><\/strong><\/p>\n<\/div>\n<div>Profesor de secundaria y coordinador TIC en el Col\u00b7legi Sant Josep Obrer de L&#8217;Hospitalet de Llobregat (Barcelona). Miembro de la Junta Ejecutiva de la <a href=\"http:\/\/www.ciberespiral.org\/\" target=\"_blank\">Asociaci\u00f3n Espiral, Educaci\u00f3n y Tecnolog\u00eda<\/a>.<\/div>\n<p>&nbsp;<\/p>\n<p>&nbsp;<\/p>\n<p>&nbsp;<\/p>\n<h3><span style=\"color: #0000ff;\"><strong><span style=\"text-decoration: underline;\"><a style=\"color: #0000ff; text-decoration: underline;\" title=\"Matr\u00edcula\" href=\"http:\/\/blogs.ciberespiral.org\/escuelas\/ca\/matricula-2\/\">Inscripci\u00f3<\/a>n<\/span><\/strong><\/span><\/h3>\n<\/div>\n<div><\/div>\n","protected":false},"excerpt":{"rendered":"<p>[youtube height=&#8221;315&#8243; width=&#8221;560&#8243;]https:\/\/www.youtube.com\/watch?v=sTLlgLZONog[\/youtube] Descripci\u00f3n de la actividad Este es un curso pensado para aquellos profesionales del \u00e1mbito educativo que ya han hecho un curso b\u00e1sico de Moodle y quieren profundizar en el conocimiento del programa. Con la intenci\u00f3n de sacar el m\u00e1ximo partido de este entorno virtual formativo, la metodolog\u00eda&hellip;<\/p>\n","protected":false},"author":48,"featured_media":0,"parent":0,"menu_order":0,"comment_status":"closed","ping_status":"open","template":"","meta":{"footnotes":""},"class_list":["post-198","page","type-page","status-publish","hentry"],"_links":{"self":[{"href":"https:\/\/blogs.ciberespiral.org\/escuelas\/wp-json\/wp\/v2\/pages\/198","targetHints":{"allow":["GET"]}}],"collection":[{"href":"https:\/\/blogs.ciberespiral.org\/escuelas\/wp-json\/wp\/v2\/pages"}],"about":[{"href":"https:\/\/blogs.ciberespiral.org\/escuelas\/wp-json\/wp\/v2\/types\/page"}],"author":[{"embeddable":true,"href":"https:\/\/blogs.ciberespiral.org\/escuelas\/wp-json\/wp\/v2\/users\/48"}],"replies":[{"embeddable":true,"href":"https:\/\/blogs.ciberespiral.org\/escuelas\/wp-json\/wp\/v2\/comments?post=198"}],"version-history":[{"count":17,"href":"https:\/\/blogs.ciberespiral.org\/escuelas\/wp-json\/wp\/v2\/pages\/198\/revisions"}],"predecessor-version":[{"id":581,"href":"https:\/\/blogs.ciberespiral.org\/escuelas\/wp-json\/wp\/v2\/pages\/198\/revisions\/581"}],"wp:attachment":[{"href":"https:\/\/blogs.ciberespiral.org\/escuelas\/wp-json\/wp\/v2\/media?parent=198"}],"curies":[{"name":"wp","href":"https:\/\/api.w.org\/{rel}","templated":true}]}}