{"id":1659,"date":"2018-05-30T01:09:31","date_gmt":"2018-05-30T00:09:31","guid":{"rendered":"http:\/\/blogs.ciberespiral.org\/escuelas\/?page_id=1659"},"modified":"2018-05-30T01:09:31","modified_gmt":"2018-05-30T00:09:31","slug":"flipped-classroom-capgira-la-classe-4","status":"publish","type":"page","link":"https:\/\/blogs.ciberespiral.org\/escuelas\/flipped-classroom-capgira-la-classe-4\/","title":{"rendered":"Flipped Classroom, capgira la classe"},"content":{"rendered":"<h4>Descripci\u00f3 de l&#8217;activitat<\/h4>\n<p>Les persones participants en aquest curs construiran\u00a0<b>propostes d&#8217;activitats did\u00e0ctiques<\/b>\u00a0integrant els recursos i serveis que ja utilitzen amb altres de nous, despr\u00e9s de la seva identificaci\u00f3 i an\u00e0lisi en funci\u00f3 de les mat\u00e8ries i nivells educatius en els que treballen, orientant-se cap el model anomenat\u00a0Flipped Classroom (<a href=\"https:\/\/www.google.com\/url?q=https%3A%2F%2Fca.wikipedia.org%2Fwiki%2FClasse_inversa&amp;sa=D&amp;sntz=1&amp;usg=AFrqEzdcSftFlD943P9yCyIZAR-KvOAyeA\" target=\"_blank\" rel=\"nofollow noopener noreferrer\">Classe Inversa<\/a>\u00a0o Classe Capgirada)<\/p>\n<h4>Carrega lectiva del curs<\/h4>\n<p>30 hores<\/p>\n<h4>Destinataris<\/h4>\n<p>Professorat de qualsevol nivell educatiu que desitgin iniciar-se en la pr\u00e0ctica de la modalitat de la classe capgirada o Flipped Classroom i\/o en l&#8217;\u00fas que permeti l&#8217;elaboraci\u00f3 de materials did\u00e0ctics multim\u00e8dia.<\/p>\n<h4>Requisits t\u00e9cnics dels participants<\/h4>\n<p>Coneixements b\u00e0sics del sistema operatiu (desc\u00e0rrega i instal laci\u00f3 de programes) i del navegador. Disponibilitat de dispositius electr\u00f2nics (ordinadors, tauletes, m\u00f2bils&#8230;) amb\u00a0 micr\u00f2fon i altaveus (o auriculars) i c\u00e0mara de video o webcam, amb connexi\u00f3 a Internet.<\/p>\n<h4>Objetius<\/h4>\n<ul>\n<li>Con\u00e8ixer el model\u00a0\u00a0<i>Flipped Classroom<\/i>\u00a0i les diferents adaptacions, els seus avantatges i inconvenients.<\/li>\n<li>Analitzar el paper i les compet\u00e8ncies del professorat i de l&#8217;alumnat en aquesta metodologia.<\/li>\n<li>Analitzar experi\u00e8ncies d&#8217;\u00e8xit realitzades amb\u00a0aquesta metodologia.<\/li>\n<li>Experimentar amb les aplicacions que permeten dur a terme l&#8217;anomenada<i>flipped classroom<\/i>\u00a0i la generaci\u00f3 de continguts educatius digitals.<\/li>\n<li>Analitzar les transformacions necess\u00e0ries per estructurar una unitat did\u00e0ctica mitjan\u00e7ant la metodologia de la classe capgirada.<\/li>\n<li>Elaborar un projecte de classe capgirada orientat a un tema curricular.<\/li>\n<\/ul>\n<h4>Continguts<\/h4>\n<ul>\n<li>M\u00f2dul 1 \u2013 El model\u00a0<i>Flipped Classroom<\/i>: concepte, \u00e0mbits d&#8217;aplicaci\u00f3, avantatges i inconvenients. Planificaci\u00f3 d&#8217;una activitat formativa basada en el model de la classe capgirada.<\/li>\n<li>M\u00f2dul 2 &#8211; An\u00e0lisi d&#8217;experi\u00e8ncies i propostes innovadores realitzades amb la metodologia de la classe capgirada. Selecci\u00f3 de materials did\u00e0ctics<\/li>\n<li>M\u00f2dul 3 &#8211; Experimentaci\u00f3 amb les eines de generaci\u00f3 de continguts per a la realitzaci\u00f3 de materials multim\u00e8dia propis<\/li>\n<li>M\u00f2dul 4 \u2013 Eines i estrat\u00e8gies per a l&#8217;elaboraci\u00f3 d&#8217;un projecte de classe capgirada. Disseny de l&#8217;activitat<\/li>\n<li>M\u00f2dul 5 -Elaboraci\u00f3 de conclusions i disseny de l&#8217;avaluaci\u00f3 de l&#8217;activitat<\/li>\n<\/ul>\n<h4>Metodolog\u00eda<\/h4>\n<p>La metodologia de treball \u00e9s no presencial a trav\u00e9s d&#8217;una aula virtual (Moodle) en el campus de l&#8217;Escola Virtual d&#8217;Espiral.<\/p>\n<p>El curs est\u00e0 estructurat en diferents m\u00f2duls, cada un dels quals disposar\u00e0 d&#8217;una temporalitzaci\u00f3 determinada, tot i que\u00a0les persones participants poden anar desenvolupant les activitats al seu propi ritme de treball dins cada m\u00f2dul de treball.<\/p>\n<p>Els formadors realitzaran un guiatge dels participants qui seran els protagonistes del\u00a0seu proc\u00e9s d&#8217; aprenentatge amb l&#8217;ajuda dels materials i recursos que es\u00a0posaran a la seva disposici\u00f3.<\/p>\n<p>I tot aix\u00f2 es realitzar\u00e0 a trav\u00e9s del disseny d&#8217;una activitat formativa basada en la<i>Flipped Classroom<\/i>\u00a0adaptada al nivell educatiu i als continguts triats pels propis participants.<\/p>\n<h4>Pla d&#8217;avaluaci\u00f3<\/h4>\n<p>A) Avaluaci\u00f3 cont\u00ednua d&#8217;aprofitament:<br \/>\nL&#8217;avaluaci\u00f3 del curs es realitzar\u00e0 a partir de:<\/p>\n<ul>\n<li style=\"list-style-type: none;\">\n<ul>\n<li>El lliurament de les activitats de cada m\u00f2dul dins els terminis fixats pels formadors del curs.<\/li>\n<li>La participaci\u00f3 en els debats a l&#8217;aula virtual.<\/li>\n<li>La participaci\u00f3 en les reflexions i valoracions finals sobre els aprenentatges\u00a0del curs.<\/li>\n<\/ul>\n<\/li>\n<\/ul>\n<p>Els criteris que d&#8217;avaluaci\u00f3 dels participants s\u00f3n:<\/p>\n<ul>\n<li style=\"list-style-type: none;\">\n<ul>\n<li>Implicaci\u00f3 i const\u00e0ncia en el desenvolupament de les activitats proposades<\/li>\n<li>Interacci\u00f3 i participaci\u00f3 en els f\u00f2rums aix\u00ed com les habilitades per a compartir i discutir sobre els temes proposats.<\/li>\n<li>Realitzaci\u00f3 d&#8217;intervencions basades en l&#8217;aplicaci\u00f3 dels continguts del curs als casos particulars tractats.<\/li>\n<li>Aportaci\u00f3 d&#8217;intervencions amb reflexions pr\u00f2pies i personals que proporcionin informaci\u00f3 rellevant.<\/li>\n<li>Tractament i cura de la informaci\u00f3 digital.<\/li>\n<li>Respecte per les idees i aportacions d&#8217;altres companys i aportaci\u00f3 de criteris i arguments que permetin una discussi\u00f3 formal, respectuosa i significativa.<\/li>\n<\/ul>\n<\/li>\n<\/ul>\n<p>L&#8217;avaluaci\u00f3 dels diferents m\u00f2duls consistir\u00e0 en:<\/p>\n<table border=\"1\" cellspacing=\"0\">\n<tbody>\n<tr style=\"background-color: #bdbdbd;\">\n<td>\u00a0<b>M\u00f2dul<\/b><\/td>\n<td><b>\u00a0Tasques<\/b><\/td>\n<td><b>Criteris d&#8217;avaluaci\u00f3\u00a0<\/b><\/td>\n<\/tr>\n<tr style=\"background-color: #efefef;\">\n<td>\u00a01<\/td>\n<td>1.\u00a0Participaci\u00f3 en un f\u00f2rum de debat\u00a0al voltant de les possibilitats del model\u00a0<i>Flipped Classroom<\/i><\/p>\n<p>2.\u00a0Planificaci\u00f3 d&#8217;una acci\u00f3 did\u00e0ctica concreta basada en el model\u00a0<i>Flipped Classroom<\/i><\/td>\n<td>Participaci\u00f3 en el debat amb un m\u00ednim d&#8217;una aportaci\u00f3 original i una resposta\/comentari a l&#8217;aportaci\u00f3 d&#8217;un participant del curs \u00a0(10%)<\/p>\n<p>Descripci\u00f3 de l&#8217;estructura i temporitzaci\u00f3 d&#8217;una proposta did\u00e0ctica (tema, seq\u00fc\u00e8ncia&#8230;) en el format que faciliti l&#8217;equip de formadors\u00a0(10%)<\/td>\n<\/tr>\n<tr style=\"background-color: #cfcfcf;\">\n<td>\u00a02<\/td>\n<td>3. Recerca i an\u00e0lisi d&#8217;experi\u00e8ncies similars a la plantejada per cada participant.<\/p>\n<p>4. Selecci\u00f3 de materials did\u00e0ctics apropiats a l&#8217;experi\u00e8ncia<\/td>\n<td>Descripci\u00f3 d&#8217;un m\u00ednim d&#8217;una experi\u00e8ncia amb el corresponent an\u00e0lisi d&#8217;aplicaci\u00f3 a l&#8217;aula\u00a0(10%)<\/p>\n<p>Descripci\u00f3 de la font i els materials localitzats, acompanyat d&#8217;una breu descripci\u00f3 (10%)<\/td>\n<\/tr>\n<tr style=\"background-color: #efefef;\">\n<td>\u00a03<\/td>\n<td>5.\u00a0Generaci\u00f3 de continguts digitals<\/td>\n<td>Creaci\u00f3 d&#8217;un material espec\u00edfic orientat al Projecte de classe capgirada tot emprant eines i serveis treballats al curs (20%)<\/td>\n<\/tr>\n<tr style=\"background-color: #cfcfcf;\">\n<td>\u00a04<\/td>\n<td>6.\u00a0Selecci\u00f3 de les eines i estrat\u00e8gies per al disseny d&#8217;una proposta did\u00e0ctica basada en el model de classe capgirada i disseny de l&#8217;activitat<\/td>\n<td>Disseny en base a un model tecnopedag\u00f2gic i concreci\u00f3 dels diferents \u00edtems d&#8217;una proposta did\u00e0ctica: t\u00edtol, nivell educatiu i etapa, objectius, metodologia, gesti\u00f3 de l&#8217;aula, recursos i eines, i avaluaci\u00f3. (40%)<\/td>\n<\/tr>\n<tr style=\"background-color: #efefef;\">\n<td>\u00a05<\/td>\n<td>7. Disseny de l&#8217;avaluaci\u00f3 de l&#8217;activitat<\/p>\n<p>8. Participaci\u00f3 en un\u00a0debat\u00a0al voltant de les conclusions extretes i la viabilitat de la implantaci\u00f3 de l&#8217;activitat d&#8217;aprenentatge dissenyada<\/td>\n<td>Concreci\u00f3 del sistema d&#8217;avaluaci\u00f3 de l&#8217;activitat.<\/p>\n<p>Aportaci\u00f3 m\u00ednima d&#8217;una intervenci\u00f3 en el debat<\/td>\n<\/tr>\n<\/tbody>\n<\/table>\n<p>B) Avaluaci\u00f3 de la satisfacci\u00f3 dels participants: es realitzar\u00e0 una enquesta de valoraci\u00f3 final del curs que recollir\u00e0 suggeriments i observacions valoratives.<\/p>\n<h4>Requisits d&#8217;acreditaci\u00f3<\/h4>\n<p>Per obtenir la certificaci\u00f3 oficial del curs cal:<\/p>\n<p>-Superar l&#8217;avaluaci\u00f3 de les diferents activitats plantejades durant el curs: les tasques\u00a0hauran de ser valorades positivament.<\/p>\n<p>-Lliurar les activitats proposades dins el termini preestablert pels formadors.<\/p>\n<h5><\/h5>\n<h5>Dates\u00a0de realitzaci\u00f3<\/h5>\n<p>de l&#8217;1 al 15 de juliol del 2018<\/p>\n<h5>Durada<\/h5>\n<p>30 hores<\/p>\n<h4>Formadors<\/h4>\n<p><img decoding=\"async\" class=\"alignleft wp-image-409 size-thumbnail\" src=\"http:\/\/blogs.ciberespiral.org\/escuelas\/wp-content\/uploads\/sites\/16\/2015\/04\/Joan-Padros-150x150.jpg\" alt=\"Joan Padr\u00f3s\" width=\"150\" height=\"150\" \/><strong>Joan Padr\u00f3s\u00a0<a href=\"https:\/\/twitter.com\/#!\/joanpadros\" target=\"_blank\" rel=\"noopener noreferrer\">@joanpadros<\/a><\/strong><\/p>\n<p>Llicenciat en Biologia. Professor del CFA Palau de Mar de Barcelona. Professor col\u00b7laborador de Compet\u00e8ncies TIC a la UOC. Formador de formadors (Generalitat de Catalunya). Formador de formadors en diferents institucions (Departament d&#8217;Ensenyament, UOC, etc).<\/p>\n<p>&nbsp;<\/p>\n<p>&nbsp;<\/p>\n<p>&nbsp;<\/p>\n<p><img decoding=\"async\" class=\"alignleft wp-image-401 size-thumbnail\" src=\"http:\/\/blogs.ciberespiral.org\/escuelas\/wp-content\/uploads\/sites\/16\/2015\/04\/Xavier-Su\u00f1\u00e9-150x150.png\" alt=\"Xavier Su\u00f1\u00e9\" width=\"150\" height=\"150\" \/><strong>Xavier Su\u00f1\u00e9\u00a0<a href=\"https:\/\/twitter.com\/#!\/xsune\" target=\"_blank\" rel=\"noopener noreferrer\">@xsune<\/a><\/strong><\/p>\n<div>Professor t\u00e8cnic de F.P. \u00a0Assessor en tecnologies aplicades a l&#8217;educaci\u00f3\u00a0\u00a0al\u00a0<a href=\"http:\/\/www.google.com\/url?q=http%3A%2F%2Fwww.xtec.cat%2Fcrp-tarragones%2F&amp;sa=D&amp;sntz=1&amp;usg=AFrqEzfR5zoKfZnxiO-udzJHegS7RGgghg\" target=\"_blank\" rel=\"noopener noreferrer\">Servei Educatiu del Tarragon\u00e8s<\/a>\u00a0i \u00a0t\u00e8cnic docent a l&#8217;\u00c0rea TAC del\u00a0<a href=\"http:\/\/www.google.com\/url?q=http%3A%2F%2Fwww20.gencat.cat%2Fportal%2Fsite%2Fensenyament&amp;sa=D&amp;sntz=1&amp;usg=AFrqEzd212dLRujzc82bb7CO8wJ9_7UtPA\" target=\"_blank\" rel=\"noopener noreferrer\">Departament d&#8217;Ensenyament<\/a>\u00a0de la Generalitat de Catalunya.\u00a0Formador i Consultor a l&#8217;ICE de la URV, en Postgraus de la UOC i la URV.<\/div>\n<div><a href=\"http:\/\/www.google.com\/url?q=http%3A%2F%2Fabout.me%2Fxsune&amp;sa=D&amp;sntz=1&amp;usg=AFrqEzdKDgNozZA0aHHhiOBNPH-MuJVUpQ\">about.me\/xsune<\/a><\/div>\n<div><\/div>\n<div><\/div>\n<div><\/div>\n<h4><strong><a title=\"Matr\u00edcula\" href=\"http:\/\/blogs.ciberespiral.org\/escuelas\/ca\/matricula-2\/\"><span style=\"text-decoration: underline; color: #0000ff;\">Inscripci\u00f3<\/span><\/a><\/strong><\/h4>\n","protected":false},"excerpt":{"rendered":"<p>Descripci\u00f3 de l&#8217;activitat Les persones participants en aquest curs construiran\u00a0propostes d&#8217;activitats did\u00e0ctiques\u00a0integrant els recursos i serveis que ja utilitzen amb altres de nous, despr\u00e9s de la seva identificaci\u00f3 i an\u00e0lisi en funci\u00f3 de les mat\u00e8ries i nivells educatius en els que treballen, orientant-se cap el model anomenat\u00a0Flipped Classroom (Classe Inversa\u00a0o&hellip;<\/p>\n","protected":false},"author":49,"featured_media":0,"parent":0,"menu_order":0,"comment_status":"closed","ping_status":"closed","template":"","meta":{"footnotes":""},"class_list":["post-1659","page","type-page","status-publish","hentry"],"_links":{"self":[{"href":"https:\/\/blogs.ciberespiral.org\/escuelas\/wp-json\/wp\/v2\/pages\/1659","targetHints":{"allow":["GET"]}}],"collection":[{"href":"https:\/\/blogs.ciberespiral.org\/escuelas\/wp-json\/wp\/v2\/pages"}],"about":[{"href":"https:\/\/blogs.ciberespiral.org\/escuelas\/wp-json\/wp\/v2\/types\/page"}],"author":[{"embeddable":true,"href":"https:\/\/blogs.ciberespiral.org\/escuelas\/wp-json\/wp\/v2\/users\/49"}],"replies":[{"embeddable":true,"href":"https:\/\/blogs.ciberespiral.org\/escuelas\/wp-json\/wp\/v2\/comments?post=1659"}],"version-history":[{"count":6,"href":"https:\/\/blogs.ciberespiral.org\/escuelas\/wp-json\/wp\/v2\/pages\/1659\/revisions"}],"predecessor-version":[{"id":1713,"href":"https:\/\/blogs.ciberespiral.org\/escuelas\/wp-json\/wp\/v2\/pages\/1659\/revisions\/1713"}],"wp:attachment":[{"href":"https:\/\/blogs.ciberespiral.org\/escuelas\/wp-json\/wp\/v2\/media?parent=1659"}],"curies":[{"name":"wp","href":"https:\/\/api.w.org\/{rel}","templated":true}]}}