{"id":1556,"date":"2018-05-30T01:09:11","date_gmt":"2018-05-30T00:09:11","guid":{"rendered":"http:\/\/blogs.ciberespiral.org\/escuelas\/?page_id=1556"},"modified":"2018-05-30T01:09:11","modified_gmt":"2018-05-30T00:09:11","slug":"herramientas-de-coaching-para-mejorar-la-educacion","status":"publish","type":"page","link":"https:\/\/blogs.ciberespiral.org\/escuelas\/herramientas-de-coaching-para-mejorar-la-educacion\/","title":{"rendered":"Herramientas de Coaching para mejorar la educaci\u00f3n"},"content":{"rendered":"<h4>Descripci\u00f3n de la actividad<\/h4>\n<div dir=\"ltr\">Pretende dotar a personas vinculadas a educaci\u00f3n de herramientas y estrategias propias del coaching de cara a optimizar los procesos educativos fijando objetivos y planes de acci\u00f3n espec\u00edfico. Curso en el que se abordar\u00e1n temas relacionados con las emociones, la inteligencia emocional, misi\u00f3n, visi\u00f3n, valor, distinciones&#8230;<\/div>\n<h4>Carga lectiva del curso<\/h4>\n<p>30 horas<\/p>\n<h4>Destinatarios<\/h4>\n<p>Personas formadas en magisterio, psicolog\u00eda, pedagog\u00eda o educaci\u00f3n social.<\/p>\n<h4>Requisitos t\u00e9cnicos de los participantes<\/h4>\n<p>Conocimientos previos: necesario tener cierta familiaridad con las TIC a nivel b\u00e1sico: uso de Internet y correo electr\u00f3nico, procesador de textos, conocimientos b\u00e1sicos de edici\u00f3n de audio.<\/p>\n<h4>Objetivos<\/h4>\n<div>Conocer los fundamentos del coaching familiar y educativo.<br \/>\nGenerar estrategias de liderazgo transformador.<br \/>\nAbordar dilemas con preguntas poderosas.<br \/>\nConocer aspectos relacionados con la inteligencia emocional.<\/div>\n<h4>Contenidos<\/h4>\n<p>M\u00f3dulo 0: Primeros pasos en la plataforma<br \/>\n&#8211; Familiarizaci\u00f3n con la plataforma y el curso.<br \/>\n&#8211; Perfil del participantes.<br \/>\n&#8211; Presentaci\u00f3n de los participantes.<\/p>\n<p>Modulo 1<br \/>\n&#8211; Coaching familiar y educativo.<br \/>\n&#8211; El concepto de coaching.<br \/>\n&#8211; Creaci\u00f3n de un proyecto familiar.<br \/>\n&#8211; Las habilidades emocionales en el coaching familiar y educativo.<\/p>\n<p>M\u00f3dulo 2<br \/>\n&#8211; Coaching como gu\u00eda para educar con inteligencia emocional.<br \/>\n&#8211; Creaci\u00f3n de patrones de aprendizaje.<br \/>\n&#8211; Competencias esenciales del coaching familiar y educativo.<\/p>\n<p>M\u00f3dulo 3<br \/>\n&#8211; Inteligencia emocional infantil. El talento.<br \/>\n&#8211; Ense\u00f1ar con presencia.<br \/>\n&#8211; Aplicaci\u00f3n del coaching para la gesti\u00f3n de problemas y resoluci\u00f3n de conflictos.<\/p>\n<p>M\u00f3dulo 4<br \/>\n&#8211; El arte de conversar.<br \/>\n&#8211; Comunicaci\u00f3n eficaz.<br \/>\n&#8211; La comunicaci\u00f3n no verbal en entornos familiar y educativos.<\/p>\n<h4><\/h4>\n<h4>Metodolog\u00eda<\/h4>\n<p>Utilizaremos la plataforma de CampusEspiral de cara a desarrollar una metodolog\u00eda en la que se dinamizar\u00e1 el debate en foros y actividades que se propondr\u00e1n en cada m\u00f3dulo.<br \/>\nEl curso persigue utilizar el potencial de herramientas del coaching en un entorno escolar que posibilite el crecimiento personal de la persona docente y del \u00e1mbito educativo en el que desarrolle su intervenci\u00f3n.<br \/>\nUtilizar\u00edamos Instagram como un instrumento m\u00e1s de relaci\u00f3n en el curso, por lo que ser\u00eda interesante que la persona que participe tenga abierta una cuenta en esta red social.<\/p>\n<h4>Plan de evaluaci\u00f3n<\/h4>\n<p>&nbsp;<\/p>\n<p>Evaluaci\u00f3n continua lo largo de todo el curso y tendr\u00e1 en cuenta:<br \/>\nParticipaci\u00f3n en foros.<br \/>\nRegistro de aprendizajes en portfolio personal que se realizar\u00e1 a trav\u00e9s del blog.<br \/>\nElaboraci\u00f3n de las pr\u00e1cticas obligatorias propuestas en cada uno de los m\u00f3dulos.<br \/>\nEn general, los criterios de evaluaci\u00f3n que se seguir\u00e1n para evaluar al participante son:<\/p>\n<p>\u2022 Implicaci\u00f3n y constancia en el desarrollo del curso.<\/p>\n<p>\u2022 Aplicaci\u00f3n de los contenidos tratados a lo largo de la actividad formativa.<\/p>\n<p>\u2022 Calidad de las intervenciones realizadas.<\/p>\n<p>\u2022 Capacidad de relacionar conceptos e informaci\u00f3n con las actividades propuestas.<br \/>\nA continuaci\u00f3n puede consultar el plan de evaluaci\u00f3n espec\u00edfico para todas las actividades del curso.<\/p>\n<div>\n<table border=\"1\" width=\"599\" cellspacing=\"0\" cellpadding=\"0\">\n<tbody>\n<tr style=\"background-color: #cfcfcf;\">\n<td valign=\"top\" width=\"244\">\n<p align=\"center\"><b><span lang=\"ES\">Tareas<\/span><\/b><\/p>\n<\/td>\n<td valign=\"top\" width=\"244\">\n<p align=\"center\"><b><span lang=\"ES\">Criterios de evaluaci\u00f3n<\/span><\/b><\/p>\n<\/td>\n<\/tr>\n<tr>\n<td colspan=\"2\" width=\"489\">\n<p align=\"center\"><b><span lang=\"ES\">M\u00f3dulo 0<\/span><\/b><\/p>\n<\/td>\n<\/tr>\n<tr style=\"background-color: #cfcfcf;\">\n<td colspan=\"2\" width=\"489\">\n<p align=\"center\"><b><span lang=\"ES\">Obligatorias<\/span><\/b><\/p>\n<\/td>\n<\/tr>\n<tr>\n<td width=\"244\">\n<ul>\n<li><span lang=\"ES\">Presentaci\u00f3n en el foro principal.<\/span><\/li>\n<\/ul>\n<\/td>\n<td width=\"244\">\n<ul>\n<li><span lang=\"ES\">Se presenta con nombre y apellidos y cuenta cu\u00e1les han sido las motivaciones que le ha llevado a inscribirse en el curso.<\/span><\/li>\n<\/ul>\n<\/td>\n<\/tr>\n<tr style=\"background-color: #cfcfcf;\">\n<td colspan=\"2\" width=\"489\">\n<p align=\"center\"><b><span lang=\"ES\">Voluntarias<\/span><\/b><\/p>\n<\/td>\n<\/tr>\n<tr>\n<td width=\"244\">\n<ul>\n<li><span lang=\"ES\">Completar el perfil de participante y a\u00f1adir una foto.<\/span><\/li>\n<\/ul>\n<\/td>\n<td width=\"244\">\n<ul>\n<li><span lang=\"ES\">A\u00f1ade una fotograf\u00eda y rellena el apartado de informaci\u00f3n del usuario.<\/span><\/li>\n<\/ul>\n<\/td>\n<\/tr>\n<\/tbody>\n<\/table>\n<p><span lang=\"ES\">\u00a0<\/span><\/p>\n<table border=\"1\" cellspacing=\"0\" cellpadding=\"0\">\n<tbody>\n<tr style=\"background-color: #cfcfcf;\">\n<td valign=\"top\" width=\"244\">\n<p align=\"center\"><b><span lang=\"ES\">Tareas<\/span><\/b><\/p>\n<\/td>\n<td valign=\"top\" width=\"244\">\n<p align=\"center\"><b><span lang=\"ES\">Criterios de evaluaci\u00f3n<\/span><\/b><\/p>\n<\/td>\n<\/tr>\n<tr>\n<td colspan=\"2\" width=\"489\">\n<p align=\"center\"><b><span lang=\"ES\">M\u00f3dulo 1<\/span><\/b><\/p>\n<\/td>\n<\/tr>\n<tr style=\"background-color: #cfcfcf;\">\n<td colspan=\"2\" width=\"489\">\n<p align=\"center\"><b><span lang=\"ES\">Obligatorias<\/span><\/b><\/p>\n<\/td>\n<\/tr>\n<tr>\n<td width=\"244\">\n<ul>\n<li><span lang=\"ES\">Elaboraci\u00f3n de una infograf\u00eda en la que se diferencien Psicolog\u00eda, Consultor\u00eda y Coaching.<\/span><\/li>\n<\/ul>\n<\/td>\n<td width=\"244\">\n<ul>\n<li><span lang=\"ES\">Distingue los tres elementos.<\/span><\/li>\n<li><span lang=\"ES\">Elabora un producto en el que se aportan caracter\u00edsticas de las tres \u00e1reas.<\/span><\/li>\n<\/ul>\n<\/td>\n<\/tr>\n<tr style=\"background-color: #cfcfcf;\">\n<td width=\"244\">\n<ul>\n<li><span lang=\"ES\"><span style=\"font-family: Calibri;\"><b>Foro:\u00a0<\/b>Responde a la pregunta \u00bfQu\u00e9 es coaching educativo?.<\/span><\/span><\/li>\n<\/ul>\n<\/td>\n<td width=\"244\">\n<ul>\n<li><span lang=\"ES\">Comparte su definici\u00f3n en el foro con el resto de participantes.<\/span><\/li>\n<\/ul>\n<\/td>\n<\/tr>\n<\/tbody>\n<\/table>\n<p><b><span lang=\"ES\">\u00a0<\/span><\/b><\/p>\n<table border=\"1\" cellspacing=\"0\" cellpadding=\"0\">\n<tbody>\n<tr style=\"background-color: #cfcfcf;\">\n<td valign=\"top\" width=\"244\">\n<p align=\"center\"><b><span lang=\"ES\">Tareas<\/span><\/b><\/p>\n<\/td>\n<td valign=\"top\" width=\"244\">\n<p align=\"center\"><b><span lang=\"ES\">Criterios de evaluaci\u00f3n<\/span><\/b><\/p>\n<\/td>\n<\/tr>\n<tr>\n<td colspan=\"2\" width=\"489\">\n<p align=\"center\"><b><span lang=\"ES\">M\u00f3dulo 2<\/span><\/b><\/p>\n<\/td>\n<\/tr>\n<tr style=\"background-color: #cfcfcf;\">\n<td width=\"244\">\n<ul>\n<li><span lang=\"ES\"><span style=\"font-family: arial, sans-serif; font-size: small;\">Elaboraci\u00f3n de un mapa emocional. Realizar una clasificaci\u00f3n de las diferentes emociones<\/span><\/span><\/li>\n<li>Como apoyo la siguiente\u00a0<a href=\"https:\/\/www.google.com\/url?q=https%3A%2F%2Fwww.slideshare.net%2FdidacticAAA%2Femociones-denificin-y-clasificaciones&amp;sa=D&amp;sntz=1&amp;usg=AFQjCNGIJWMqnqdK4VS0adQCGMqRGWGrTw\" target=\"_blank\" rel=\"noopener noreferrer\">presentaci\u00f3n<\/a>:<\/li>\n<\/ul>\n<\/td>\n<td width=\"244\">\n<ul>\n<li><span lang=\"ES\"><span style=\"font-family: Calibri;\">Diferencia varios tipos de emociones.<\/span><\/span><\/li>\n<\/ul>\n<p><span lang=\"ES\"><span style=\"font-family: Calibri;\">Se basa en alg\u00fan autor para fundamentar la clasificaci\u00f3n.<\/span><\/span><\/td>\n<\/tr>\n<tr>\n<td><\/td>\n<td><\/td>\n<\/tr>\n<\/tbody>\n<\/table>\n<p><span lang=\"CA\">\u00a0<\/span><\/p>\n<table border=\"1\" cellspacing=\"0\" cellpadding=\"0\">\n<tbody>\n<tr style=\"background-color: #cfcfcf;\">\n<td valign=\"top\" width=\"244\">\n<p align=\"center\"><b><span lang=\"ES\">Tareas<\/span><\/b><\/p>\n<\/td>\n<td valign=\"top\" width=\"244\">\n<p align=\"center\"><b><span lang=\"ES\">Criterios de evaluaci\u00f3n<\/span><\/b><\/p>\n<\/td>\n<\/tr>\n<tr>\n<td colspan=\"2\" width=\"489\">\n<p align=\"center\"><b><span lang=\"ES\">M\u00f3dulo 3<\/span><\/b><\/p>\n<\/td>\n<\/tr>\n<tr style=\"background-color: #cfcfcf;\">\n<td colspan=\"2\" width=\"489\">\n<p align=\"center\"><b><span lang=\"ES\">Obligatorias<\/span><\/b><\/p>\n<\/td>\n<\/tr>\n<tr>\n<td width=\"244\"><span lang=\"ES\">Caso pr\u00e1ctico. Se presenta un problema y en un documento se plantea la intervenci\u00f3n en el mismo.<\/span><\/td>\n<td width=\"244\"><span lang=\"ES\">Se toma como referencia<a href=\"https:\/\/www.google.com\/url?q=https%3A%2F%2Fissuu.com%2Fanamarcoie%2Fdocs%2Frubrica_para_evaluar_casos_practicos_%2F6&amp;sa=D&amp;sntz=1&amp;usg=AFQjCNE7nDmkTeaWY6yXsmjM8dITW2lpeg\" target=\"_blank\" rel=\"noopener noreferrer\">\u00a0la siguiente r\u00fabrica<\/a>.<\/span><\/td>\n<\/tr>\n<\/tbody>\n<\/table>\n<p><b><span lang=\"ES\">\u00a0<\/span><\/b><\/p>\n<\/div>\n<div>\n<table border=\"1\" cellspacing=\"0\" cellpadding=\"0\">\n<tbody>\n<tr style=\"background-color: #cfcfcf;\">\n<td valign=\"top\" width=\"244\">\n<p align=\"center\"><b><span lang=\"ES\">Tareas<\/span><\/b><\/p>\n<\/td>\n<td valign=\"top\" width=\"244\">\n<p align=\"center\"><b><span lang=\"ES\">Criterios de evaluaci\u00f3n<\/span><\/b><\/p>\n<\/td>\n<\/tr>\n<tr>\n<td colspan=\"2\" width=\"489\">\n<p align=\"center\"><b><span lang=\"ES\">M\u00f3dulo 4<\/span><\/b><\/p>\n<\/td>\n<\/tr>\n<tr style=\"background-color: #cfcfcf;\">\n<td colspan=\"2\" width=\"489\">\n<p align=\"center\"><b><span lang=\"ES\">Obligatorias<\/span><\/b><\/p>\n<\/td>\n<\/tr>\n<tr>\n<td width=\"244\">\n<ul>\n<li><span lang=\"ES\">Dise\u00f1o de\u00a0<\/span>plan de intervenci\u00f3n en un centro<\/li>\n<\/ul>\n<\/td>\n<td width=\"244\">\n<ul>\n<li><span lang=\"ES\">Elabora un plan de intervenci\u00f3n utilizando conceptos desarrollados en el curso.<\/span><\/li>\n<\/ul>\n<\/td>\n<\/tr>\n<\/tbody>\n<\/table>\n<\/div>\n<h4><\/h4>\n<h4>Requisitos de certificaci\u00f3n<\/h4>\n<div>\n<p><span lang=\"ES\">En general, los criterios de evaluaci\u00f3n que se seguir\u00e1n\u00a0 son:<\/span><\/p>\n<ul>\n<li>Realizaci\u00f3n del 100% de las tareas obligatorias en cada uno de los m\u00f3dulos<\/li>\n<li>Calidad de sus evidencias de aprendizaje<\/li>\n<li>Proyecto final, elaboraci\u00f3n de un plan de intervenci\u00f3n en un centro aplicando el coaching educativo.<\/li>\n<\/ul>\n<\/div>\n<h4><\/h4>\n<h4>Fechas de realizaci\u00f3n<\/h4>\n<p>del 1 al 15 de julio de 2018<\/p>\n<div>\n<h4>Formador<\/h4>\n<p><a href=\"http:\/\/blogs.ciberespiral.org\/escuelas\/wp-content\/uploads\/sites\/16\/2018\/05\/Foto_GORKA_fernandez_2017.jpg\"><img decoding=\"async\" class=\"wp-image-1568 alignleft\" src=\"http:\/\/blogs.ciberespiral.org\/escuelas\/wp-content\/uploads\/sites\/16\/2018\/05\/Foto_GORKA_fernandez_2017-300x300.jpg\" alt=\"\" width=\"201\" height=\"201\" srcset=\"https:\/\/blogs.ciberespiral.org\/escuelas\/wp-content\/uploads\/sites\/16\/2018\/05\/Foto_GORKA_fernandez_2017-300x300.jpg 300w, https:\/\/blogs.ciberespiral.org\/escuelas\/wp-content\/uploads\/sites\/16\/2018\/05\/Foto_GORKA_fernandez_2017-150x150.jpg 150w, https:\/\/blogs.ciberespiral.org\/escuelas\/wp-content\/uploads\/sites\/16\/2018\/05\/Foto_GORKA_fernandez_2017.jpg 400w\" sizes=\"(max-width: 201px) 100vw, 201px\" \/><\/a><strong>Gorka\u00a0Fern\u00e1ndez\u00a0<a class=\"ProfileHeaderCard-screennameLink u-linkComplex js-nav\" href=\"https:\/\/twitter.com\/gorkafm\"><span class=\"u-linkComplex-target\">@gorkafm<\/span><\/a><\/strong><\/p>\n<\/div>\n<div>Gorka Fern\u00e1ndez. Profesor en el M\u00e1ster en Formaci\u00f3n del Profesorado de Educaci\u00f3n Secundaria Obligatoria, Bachillerato, Formaci\u00f3n Profesional y Ense\u00f1anza de Idiomas de la Universidad de Deusto. Psic\u00f3logo y Coach integral. Graduado en el postgrado Asesoramiento, Evaluaci\u00f3n e Intervenci\u00f3n Psicoeducativa por la UIMP. Formador de formadores. Desarrolla o ha desarrollado acciones formativas para instituciones como INTEF, Gobierno Vasco (Plan de Formaci\u00f3n Continua del Profesorado Prest_Gara), Junta de Castilla la Mancha (CRFP), Junta de Andaluc\u00eda, Ayutamiento de Gines. Realiza diversos programas en medios de comunicaci\u00f3n: podcast (Edukando, El Recreo, Aprende INTEF en directo podcast), programa &#8220;Mesa camilla&#8221; en\u00a0televisi\u00f3n\u00a0local WI-net La Algaba. Apasionado de la conversaci\u00f3n y del trabajo colaborativo. Publica y centraliza su actividad en la red en gorkafernandez.net<\/div>\n<div><\/div>\n<div><\/div>\n<h3><a style=\"color: #0000ff; text-decoration: underline;\" title=\"Matr\u00edcula\" href=\"http:\/\/blogs.ciberespiral.org\/escuelas\/ca\/matricula-2\/\">Inscripci\u00f3n<\/a><\/h3>\n","protected":false},"excerpt":{"rendered":"<p>Descripci\u00f3n de la actividad Pretende dotar a personas vinculadas a educaci\u00f3n de herramientas y estrategias propias del coaching de cara a optimizar los procesos educativos fijando objetivos y planes de acci\u00f3n espec\u00edfico. Curso en el que se abordar\u00e1n temas relacionados con las emociones, la inteligencia emocional, misi\u00f3n, visi\u00f3n, valor, distinciones&#8230;&hellip;<\/p>\n","protected":false},"author":49,"featured_media":0,"parent":0,"menu_order":0,"comment_status":"closed","ping_status":"closed","template":"","meta":{"footnotes":""},"class_list":["post-1556","page","type-page","status-publish","hentry"],"_links":{"self":[{"href":"https:\/\/blogs.ciberespiral.org\/escuelas\/wp-json\/wp\/v2\/pages\/1556","targetHints":{"allow":["GET"]}}],"collection":[{"href":"https:\/\/blogs.ciberespiral.org\/escuelas\/wp-json\/wp\/v2\/pages"}],"about":[{"href":"https:\/\/blogs.ciberespiral.org\/escuelas\/wp-json\/wp\/v2\/types\/page"}],"author":[{"embeddable":true,"href":"https:\/\/blogs.ciberespiral.org\/escuelas\/wp-json\/wp\/v2\/users\/49"}],"replies":[{"embeddable":true,"href":"https:\/\/blogs.ciberespiral.org\/escuelas\/wp-json\/wp\/v2\/comments?post=1556"}],"version-history":[{"count":13,"href":"https:\/\/blogs.ciberespiral.org\/escuelas\/wp-json\/wp\/v2\/pages\/1556\/revisions"}],"predecessor-version":[{"id":1619,"href":"https:\/\/blogs.ciberespiral.org\/escuelas\/wp-json\/wp\/v2\/pages\/1556\/revisions\/1619"}],"wp:attachment":[{"href":"https:\/\/blogs.ciberespiral.org\/escuelas\/wp-json\/wp\/v2\/media?parent=1556"}],"curies":[{"name":"wp","href":"https:\/\/api.w.org\/{rel}","templated":true}]}}