{"id":13,"date":"2014-03-01T22:37:54","date_gmt":"2014-03-01T21:37:54","guid":{"rendered":"http:\/\/blogs.ciberespiral.org\/aumentame14\/?page_id=13"},"modified":"2015-05-04T13:01:52","modified_gmt":"2015-05-04T12:01:52","slug":"inscripcion","status":"publish","type":"page","link":"https:\/\/blogs.ciberespiral.org\/aumentame14\/inscripcion\/","title":{"rendered":"Inscripci\u00f3n"},"content":{"rendered":"<div align=\"center\">\n<p align=\"justify\">El periodo de inscripci\u00f3n comenzar\u00e1 el d\u00eda\u00a0<strong>15 de Marzo \u00a0y finalizar\u00e1 el d\u00eda 15 de Mayo de 2014.<\/strong><\/p>\n<p align=\"justify\">Puedes realizar la inscripci\u00f3n en\u00a0<strong>dos pasos<\/strong>:<\/p>\n<p align=\"justify\"><strong>1.- Pago de la inscripci\u00f3n<\/strong><\/p>\n<p align=\"justify\">El precio de la inscripci\u00f3n al congreso \u00a0es de\u00a0<strong>20 \u20ac<\/strong>.<\/p>\n<p align=\"justify\">Para los socios y socias de Espiral, la inscripci\u00f3n es\u00a0GRATUITA.<\/p>\n<p align=\"justify\">El pago de la inscripci\u00f3n puedes realizarlo con tarjeta de cr\u00e9dito en p\u00e1gina segura (https) pulsando en el siguiente enlace:<\/p>\n<div align=\"justify\"><\/div>\n<div align=\"justify\"><\/div>\n<div><a href=\"http:\/\/ciberespiral.org\/pasarela\"><img loading=\"lazy\" decoding=\"async\" title=\"inscripcion\" src=\"http:\/\/ciberespiral.org\/jornadas13\/aumentame\/files\/2013\/02\/inscripcion.png\" alt=\"\" width=\"260\" height=\"150\" \/><\/a><\/div>\n<div><\/div>\n<div style=\"text-align: left;\"><\/div>\n<p>&nbsp;<\/p>\n<div style=\"text-align: left;\">Tambi\u00e9n tienes la posibilidad de realizar el pago a trav\u00e9s de PayPal.<\/div>\n<div style=\"text-align: left;\"><\/div>\n<form action=\"https:\/\/www.paypal.com\/cgi-bin\/webscr\" method=\"post\" target=\"_top\"><input name=\"cmd\" type=\"hidden\" value=\"_s-xclick\" \/><br \/>\n<input name=\"hosted_button_id\" type=\"hidden\" value=\"255HEWQ9KWY8J\" \/><\/p>\n<table>\n<tbody>\n<tr>\n<td><input name=\"on0\" type=\"hidden\" value=\"Nombre y apellidos\" \/>Nombre y apellidos<\/td>\n<\/tr>\n<tr>\n<td><input maxlength=\"200\" name=\"os0\" type=\"text\" \/><\/td>\n<\/tr>\n<\/tbody>\n<\/table>\n<p><input alt=\"PayPal. La forma r\u00e1pida y segura de pagar en Internet.\" name=\"submit\" src=\"https:\/\/www.paypalobjects.com\/es_ES\/ES\/i\/btn\/btn_paynowCC_LG.gif\" type=\"image\" \/><br \/>\n<img loading=\"lazy\" decoding=\"async\" src=\"https:\/\/www.paypalobjects.com\/es_ES\/i\/scr\/pixel.gif\" alt=\"\" width=\"1\" height=\"1\" border=\"0\" \/><\/p>\n<\/form>\n<form action=\"https:\/\/www.paypal.com\/cgi-bin\/webscr\" method=\"post\" target=\"_top\"><em>(<strong>Importante<\/strong>, no olvides cumplimentar tambi\u00e9n tus datos en el formulario de inscripci\u00f3n del siguiente apartado)<\/em><\/p>\n<p><img loading=\"lazy\" decoding=\"async\" src=\"https:\/\/www.paypalobjects.com\/es_ES\/i\/scr\/pixel.gif\" alt=\"\" width=\"1\" height=\"1\" border=\"0\" \/><\/p>\n<\/form>\n<p align=\"justify\"><strong>2.-Rellenar el formulario de inscripci\u00f3n.<\/strong><\/p>\n<p align=\"justify\">\u00a0 \u00a0 \u00a0 \u00a0 \u00a0 Despu\u00e9s de abonar la inscripci\u00f3n deber\u00e1s cumplimentar el siguiente formulario indicando los datos solicitados.<\/p>\n<\/div>\n<div align=\"center\"><\/div>\n<div align=\"center\"><iframe loading=\"lazy\" src=\"https:\/\/docs.google.com\/spreadsheet\/embeddedform?formkey=dDVjZDFWVzF3NXdnMVBTRUNCUWFVWWc6MA\" width=\"760\" height=\"2200\" frameborder=\"0\" marginwidth=\"0\" marginheight=\"0\"><\/iframe><\/div>\n","protected":false},"excerpt":{"rendered":"<p>El periodo de inscripci\u00f3n comenzar\u00e1 el d\u00eda\u00a015 de Marzo \u00a0y finalizar\u00e1 el d\u00eda 15 de Mayo de 2014. Puedes realizar la inscripci\u00f3n en\u00a0dos pasos: 1.- Pago de la inscripci\u00f3n El precio de la inscripci\u00f3n al congreso \u00a0es de\u00a020 \u20ac. Para los socios y socias de Espiral, la inscripci\u00f3n es\u00a0GRATUITA. El pago de la inscripci\u00f3n puedes [&hellip;]<\/p>\n","protected":false},"author":21,"featured_media":0,"parent":0,"menu_order":0,"comment_status":"closed","ping_status":"open","template":"template-fullwidth.php","meta":{"footnotes":""},"class_list":["post-13","page","type-page","status-publish","hentry"],"_links":{"self":[{"href":"https:\/\/blogs.ciberespiral.org\/aumentame14\/wp-json\/wp\/v2\/pages\/13","targetHints":{"allow":["GET"]}}],"collection":[{"href":"https:\/\/blogs.ciberespiral.org\/aumentame14\/wp-json\/wp\/v2\/pages"}],"about":[{"href":"https:\/\/blogs.ciberespiral.org\/aumentame14\/wp-json\/wp\/v2\/types\/page"}],"author":[{"embeddable":true,"href":"https:\/\/blogs.ciberespiral.org\/aumentame14\/wp-json\/wp\/v2\/users\/21"}],"replies":[{"embeddable":true,"href":"https:\/\/blogs.ciberespiral.org\/aumentame14\/wp-json\/wp\/v2\/comments?post=13"}],"version-history":[{"count":19,"href":"https:\/\/blogs.ciberespiral.org\/aumentame14\/wp-json\/wp\/v2\/pages\/13\/revisions"}],"predecessor-version":[{"id":505,"href":"https:\/\/blogs.ciberespiral.org\/aumentame14\/wp-json\/wp\/v2\/pages\/13\/revisions\/505"}],"wp:attachment":[{"href":"https:\/\/blogs.ciberespiral.org\/aumentame14\/wp-json\/wp\/v2\/media?parent=13"}],"curies":[{"name":"wp","href":"https:\/\/api.w.org\/{rel}","templated":true}]}}